{"id":1828,"date":"2022-06-03T06:37:46","date_gmt":"2022-06-03T06:37:46","guid":{"rendered":"http:\/\/defensoriaparana.com.ar\/?page_id=1828"},"modified":"2022-07-08T22:13:41","modified_gmt":"2022-07-08T22:13:41","slug":"reclamos","status":"publish","type":"page","link":"https:\/\/defensoriaparana.com.ar\/index.php\/reclamos\/","title":{"rendered":"Reclamos"},"content":{"rendered":"\t\t<div data-elementor-type=\"wp-page\" data-elementor-id=\"1828\" class=\"elementor elementor-1828\">\n\t\t\t\t\t\t\t\t\t<section class=\"elementor-section elementor-top-section elementor-element elementor-element-10ae92b elementor-section-boxed elementor-section-height-default elementor-section-height-default wpr-particle-no wpr-jarallax-no wpr-parallax-no wpr-sticky-section-no\" data-id=\"10ae92b\" data-element_type=\"section\">\n\t\t\t\t\t\t<div class=\"elementor-container elementor-column-gap-default\">\n\t\t\t\t\t<div class=\"elementor-column elementor-col-100 elementor-top-column elementor-element elementor-element-0ffca73\" data-id=\"0ffca73\" data-element_type=\"column\">\n\t\t\t<div class=\"elementor-widget-wrap elementor-element-populated\">\n\t\t\t\t\t\t\t\t<div class=\"elementor-element elementor-element-452facb elementor-widget elementor-widget-wpr-magazine-grid\" data-id=\"452facb\" data-element_type=\"widget\" data-widget_type=\"wpr-magazine-grid.default\">\n\t\t\t\t<div class=\"elementor-widget-container\">\n\t\t\t<div class=\"wpr-magazine-grid-wrap\"  data-slide-effect=\"\"><section class=\"wpr-magazine-grid wpr-mgzn-grid-4-h wpr-mgzn-grid-rows-2\"><article class=\"wpr-mgzn-grid-item elementor-clearfix post-1948 page type-page status-publish hentry\"><div class=\"wpr-grid-item-inner\"><div class=\"wpr-grid-media-wrap\" data-overlay-link=\"yes\"><div class=\"wpr-grid-media-hover wpr-animation-wrap\"><div class=\"wpr-grid-media-hover-bg  wpr-overlay-fade-out wpr-anim-size-medium wpr-anim-timing-ease-default wpr-anim-transparency\" data-url=\"https:\/\/defensoriaparana.com.ar\/index.php\/reclamos\/como-actua-el-defensor-del-pueblo\/\"><\/div><div class=\"wpr-grid-media-hover-bottom elementor-clearfix\"><div class=\"wpr-grid-item-category elementor-repeater-item-0069dfa wpr-grid-item-display-block wpr-grid-item-align-left wpr-pointer-none wpr-pointer-line-fx wpr-pointer-fx-fade wpr-grid-tax-style-1\"><div class=\"inner-block\"><\/div><\/div><h2 class=\"wpr-grid-item-title elementor-repeater-item-1642fe9 wpr-grid-item-display-block wpr-grid-item-align-left wpr-pointer-none wpr-pointer-line-fx wpr-pointer-fx-fade\"><div class=\"inner-block\"><a href=\"https:\/\/defensoriaparana.com.ar\/index.php\/reclamos\/como-actua-el-defensor-del-pueblo\/\" class=\"wpr-pointer-item\">\u00bfC\u00f3mo act\u00faa la Defensor\u00eda del Pueblo?<\/a><\/div><\/h2><div class=\"wpr-grid-item-separator elementor-repeater-item-8bc8550 wpr-grid-item-display-inline wpr-grid-item-align-left wpr-grid-sep-style-1\"><div class=\"inner-block\"><span><\/span><\/div><\/div><\/div><\/div><\/div><\/div><\/article><article class=\"wpr-mgzn-grid-item elementor-clearfix post-1947 page type-page status-publish hentry\"><div class=\"wpr-grid-item-inner\"><div class=\"wpr-grid-media-wrap\" data-overlay-link=\"yes\"><div class=\"wpr-grid-media-hover wpr-animation-wrap\"><div class=\"wpr-grid-media-hover-bg  wpr-overlay-fade-out wpr-anim-size-medium wpr-anim-timing-ease-default wpr-anim-transparency\" data-url=\"https:\/\/defensoriaparana.com.ar\/index.php\/reclamos\/donde-se-presenta-el-reclamo\/\"><\/div><div class=\"wpr-grid-media-hover-bottom elementor-clearfix\"><div class=\"wpr-grid-item-category elementor-repeater-item-0069dfa wpr-grid-item-display-block wpr-grid-item-align-left wpr-pointer-none wpr-pointer-line-fx wpr-pointer-fx-fade wpr-grid-tax-style-1\"><div class=\"inner-block\"><\/div><\/div><h2 class=\"wpr-grid-item-title elementor-repeater-item-1642fe9 wpr-grid-item-display-block wpr-grid-item-align-left wpr-pointer-none wpr-pointer-line-fx wpr-pointer-fx-fade\"><div class=\"inner-block\"><a href=\"https:\/\/defensoriaparana.com.ar\/index.php\/reclamos\/donde-se-presenta-el-reclamo\/\" class=\"wpr-pointer-item\">\u00bfD\u00f3nde se presenta el reclamo?<\/a><\/div><\/h2><div class=\"wpr-grid-item-separator elementor-repeater-item-8bc8550 wpr-grid-item-display-inline wpr-grid-item-align-left wpr-grid-sep-style-1\"><div class=\"inner-block\"><span><\/span><\/div><\/div><\/div><\/div><\/div><\/div><\/article><article class=\"wpr-mgzn-grid-item elementor-clearfix post-1946 page type-page status-publish hentry\"><div class=\"wpr-grid-item-inner\"><div class=\"wpr-grid-media-wrap\" data-overlay-link=\"yes\"><div class=\"wpr-grid-media-hover wpr-animation-wrap\"><div class=\"wpr-grid-media-hover-bg  wpr-overlay-fade-out wpr-anim-size-medium wpr-anim-timing-ease-default wpr-anim-transparency\" data-url=\"https:\/\/defensoriaparana.com.ar\/index.php\/reclamos\/como-se-presenta-un-reclamo\/\"><\/div><div class=\"wpr-grid-media-hover-bottom elementor-clearfix\"><div class=\"wpr-grid-item-category elementor-repeater-item-0069dfa wpr-grid-item-display-block wpr-grid-item-align-left wpr-pointer-none wpr-pointer-line-fx wpr-pointer-fx-fade wpr-grid-tax-style-1\"><div class=\"inner-block\"><\/div><\/div><h2 class=\"wpr-grid-item-title elementor-repeater-item-1642fe9 wpr-grid-item-display-block wpr-grid-item-align-left wpr-pointer-none wpr-pointer-line-fx wpr-pointer-fx-fade\"><div class=\"inner-block\"><a href=\"https:\/\/defensoriaparana.com.ar\/index.php\/reclamos\/como-se-presenta-un-reclamo\/\" class=\"wpr-pointer-item\">\u00bfC\u00f3mo se presenta un reclamo?<\/a><\/div><\/h2><div class=\"wpr-grid-item-separator elementor-repeater-item-8bc8550 wpr-grid-item-display-inline wpr-grid-item-align-left wpr-grid-sep-style-1\"><div class=\"inner-block\"><span><\/span><\/div><\/div><\/div><\/div><\/div><\/div><\/article><article class=\"wpr-mgzn-grid-item elementor-clearfix post-1945 page type-page status-publish hentry\"><div class=\"wpr-grid-item-inner\"><div class=\"wpr-grid-media-wrap\" data-overlay-link=\"yes\"><div class=\"wpr-grid-media-hover wpr-animation-wrap\"><div class=\"wpr-grid-media-hover-bg  wpr-overlay-fade-out wpr-anim-size-medium wpr-anim-timing-ease-default wpr-anim-transparency\" data-url=\"https:\/\/defensoriaparana.com.ar\/index.php\/reclamos\/en-que-casos-no-puede-actuar-la-defensoria\/\"><\/div><div class=\"wpr-grid-media-hover-bottom elementor-clearfix\"><div class=\"wpr-grid-item-category elementor-repeater-item-0069dfa wpr-grid-item-display-block wpr-grid-item-align-left wpr-pointer-none wpr-pointer-line-fx wpr-pointer-fx-fade wpr-grid-tax-style-1\"><div class=\"inner-block\"><\/div><\/div><h2 class=\"wpr-grid-item-title elementor-repeater-item-1642fe9 wpr-grid-item-display-block wpr-grid-item-align-left wpr-pointer-none wpr-pointer-line-fx wpr-pointer-fx-fade\"><div class=\"inner-block\"><a href=\"https:\/\/defensoriaparana.com.ar\/index.php\/reclamos\/en-que-casos-no-puede-actuar-la-defensoria\/\" class=\"wpr-pointer-item\">\u00bfC\u00f3mo es la atenci\u00f3n de la Defensor\u00eda?<\/a><\/div><\/h2><div class=\"wpr-grid-item-separator elementor-repeater-item-8bc8550 wpr-grid-item-display-inline wpr-grid-item-align-left wpr-grid-sep-style-1\"><div class=\"inner-block\"><span><\/span><\/div><\/div><\/div><\/div><\/div><\/div><\/article><article class=\"wpr-mgzn-grid-item elementor-clearfix post-1944 page type-page status-publish hentry\"><div class=\"wpr-grid-item-inner\"><div class=\"wpr-grid-media-wrap\" data-overlay-link=\"yes\"><div class=\"wpr-grid-media-hover wpr-animation-wrap\"><div class=\"wpr-grid-media-hover-bg  wpr-overlay-fade-out wpr-anim-size-medium wpr-anim-timing-ease-default wpr-anim-transparency\" data-url=\"https:\/\/defensoriaparana.com.ar\/index.php\/reclamos\/1944-2\/\"><\/div><div class=\"wpr-grid-media-hover-bottom elementor-clearfix\"><div class=\"wpr-grid-item-category elementor-repeater-item-0069dfa wpr-grid-item-display-block wpr-grid-item-align-left wpr-pointer-none wpr-pointer-line-fx wpr-pointer-fx-fade wpr-grid-tax-style-1\"><div class=\"inner-block\"><\/div><\/div><h2 class=\"wpr-grid-item-title elementor-repeater-item-1642fe9 wpr-grid-item-display-block wpr-grid-item-align-left wpr-pointer-none wpr-pointer-line-fx wpr-pointer-fx-fade\"><div class=\"inner-block\"><a href=\"https:\/\/defensoriaparana.com.ar\/index.php\/reclamos\/1944-2\/\" class=\"wpr-pointer-item\">Defensor\u00eda de los Derechos de Personas Mayores<\/a><\/div><\/h2><div class=\"wpr-grid-item-separator elementor-repeater-item-8bc8550 wpr-grid-item-display-inline wpr-grid-item-align-left wpr-grid-sep-style-1\"><div class=\"inner-block\"><span><\/span><\/div><\/div><\/div><\/div><\/div><\/div><\/article><article class=\"wpr-mgzn-grid-item elementor-clearfix post-1943 page type-page status-publish hentry\"><div class=\"wpr-grid-item-inner\"><div class=\"wpr-grid-media-wrap\" data-overlay-link=\"yes\"><div class=\"wpr-grid-media-hover wpr-animation-wrap\"><div class=\"wpr-grid-media-hover-bg  wpr-overlay-fade-out wpr-anim-size-medium wpr-anim-timing-ease-default wpr-anim-transparency\" data-url=\"https:\/\/defensoriaparana.com.ar\/index.php\/reclamos\/en-que-casos-se-podra-entonces-presentar-el-reclamo\/\"><\/div><div class=\"wpr-grid-media-hover-bottom elementor-clearfix\"><div class=\"wpr-grid-item-category elementor-repeater-item-0069dfa wpr-grid-item-display-block wpr-grid-item-align-left wpr-pointer-none wpr-pointer-line-fx wpr-pointer-fx-fade wpr-grid-tax-style-1\"><div class=\"inner-block\"><\/div><\/div><h2 class=\"wpr-grid-item-title elementor-repeater-item-1642fe9 wpr-grid-item-display-block wpr-grid-item-align-left wpr-pointer-none wpr-pointer-line-fx wpr-pointer-fx-fade\"><div class=\"inner-block\"><a href=\"https:\/\/defensoriaparana.com.ar\/index.php\/reclamos\/en-que-casos-se-podra-entonces-presentar-el-reclamo\/\" class=\"wpr-pointer-item\">\u00bfQu\u00e9 casos, por ejemplo, son motivo de reclamo?<\/a><\/div><\/h2><div class=\"wpr-grid-item-separator elementor-repeater-item-8bc8550 wpr-grid-item-display-inline wpr-grid-item-align-left wpr-grid-sep-style-1\"><div class=\"inner-block\"><span><\/span><\/div><\/div><\/div><\/div><\/div><\/div><\/article><article class=\"wpr-mgzn-grid-item elementor-clearfix post-1938 page type-page status-publish hentry\"><div class=\"wpr-grid-item-inner\"><div class=\"wpr-grid-media-wrap\" data-overlay-link=\"yes\"><div class=\"wpr-grid-media-hover wpr-animation-wrap\"><div class=\"wpr-grid-media-hover-bg  wpr-overlay-fade-out wpr-anim-size-medium wpr-anim-timing-ease-default wpr-anim-transparency\" data-url=\"https:\/\/defensoriaparana.com.ar\/index.php\/reclamos\/cuando-se-puede-recurrir-a-la-defensoria\/\"><\/div><div class=\"wpr-grid-media-hover-bottom elementor-clearfix\"><div class=\"wpr-grid-item-category elementor-repeater-item-0069dfa wpr-grid-item-display-block wpr-grid-item-align-left wpr-pointer-none wpr-pointer-line-fx wpr-pointer-fx-fade wpr-grid-tax-style-1\"><div class=\"inner-block\"><\/div><\/div><h2 class=\"wpr-grid-item-title elementor-repeater-item-1642fe9 wpr-grid-item-display-block wpr-grid-item-align-left wpr-pointer-none wpr-pointer-line-fx wpr-pointer-fx-fade\"><div class=\"inner-block\"><a href=\"https:\/\/defensoriaparana.com.ar\/index.php\/reclamos\/cuando-se-puede-recurrir-a-la-defensoria\/\" class=\"wpr-pointer-item\">\u00bfCu\u00e1ndo se puede recurrir a la Defensor\u00eda?<\/a><\/div><\/h2><div class=\"wpr-grid-item-separator elementor-repeater-item-8bc8550 wpr-grid-item-display-inline wpr-grid-item-align-left wpr-grid-sep-style-1\"><div class=\"inner-block\"><span><\/span><\/div><\/div><\/div><\/div><\/div><\/div><\/article><\/section><\/div>\t\t<\/div>\n\t\t\t\t<\/div>\n\t\t\t\t\t<\/div>\n\t\t<\/div>\n\t\t\t\t\t\t\t<\/div>\n\t\t<\/section>\n\t\t\t\t\t\t\t<\/div>\n\t\t","protected":false},"excerpt":{"rendered":"<p>\u00bfC\u00f3mo act\u00faa el Defensor del Pueblo? \u00bfD\u00f3nde se presenta el reclamo? \u00bfC\u00f3mo se presenta un reclamo? \u00bfEn qu\u00e9 casos NO puede actuar la Defensor\u00eda? Defensor\u00eda de los Derechos de Personas Mayores \u00bfEn qu\u00e9 casos se podr\u00e1 entonces presentar el reclamo? \u00bfCu\u00e1ndo se puede recurrir a la Defensor\u00eda?<\/p>\n","protected":false},"author":1,"featured_media":0,"parent":0,"menu_order":0,"comment_status":"closed","ping_status":"closed","template":"elementor_canvas","meta":{"om_disable_all_campaigns":false,"_monsterinsights_skip_tracking":false,"_monsterinsights_sitenote_active":false,"_monsterinsights_sitenote_note":"","_monsterinsights_sitenote_category":0},"_links":{"self":[{"href":"https:\/\/defensoriaparana.com.ar\/index.php\/wp-json\/wp\/v2\/pages\/1828"}],"collection":[{"href":"https:\/\/defensoriaparana.com.ar\/index.php\/wp-json\/wp\/v2\/pages"}],"about":[{"href":"https:\/\/defensoriaparana.com.ar\/index.php\/wp-json\/wp\/v2\/types\/page"}],"author":[{"embeddable":true,"href":"https:\/\/defensoriaparana.com.ar\/index.php\/wp-json\/wp\/v2\/users\/1"}],"replies":[{"embeddable":true,"href":"https:\/\/defensoriaparana.com.ar\/index.php\/wp-json\/wp\/v2\/comments?post=1828"}],"version-history":[{"count":4,"href":"https:\/\/defensoriaparana.com.ar\/index.php\/wp-json\/wp\/v2\/pages\/1828\/revisions"}],"predecessor-version":[{"id":1976,"href":"https:\/\/defensoriaparana.com.ar\/index.php\/wp-json\/wp\/v2\/pages\/1828\/revisions\/1976"}],"wp:attachment":[{"href":"https:\/\/defensoriaparana.com.ar\/index.php\/wp-json\/wp\/v2\/media?parent=1828"}],"curies":[{"name":"wp","href":"https:\/\/api.w.org\/{rel}","templated":true}]}}