{"id":1907,"date":"2022-07-08T21:16:55","date_gmt":"2022-07-08T21:16:55","guid":{"rendered":"http:\/\/defensoriaparana.com.ar\/?page_id=1907"},"modified":"2023-01-06T10:55:26","modified_gmt":"2023-01-06T10:55:26","slug":"la-institucion","status":"publish","type":"page","link":"https:\/\/defensoriaparana.com.ar\/index.php\/institucional\/la-institucion\/","title":{"rendered":"\u00bfQu\u00e9 hacemos?"},"content":{"rendered":"\t\t<div data-elementor-type=\"wp-page\" data-elementor-id=\"1907\" class=\"elementor elementor-1907\">\n\t\t\t\t\t\t\t\t\t<section class=\"elementor-section elementor-top-section elementor-element elementor-element-bed54f2 elementor-section-boxed elementor-section-height-default elementor-section-height-default wpr-particle-no wpr-jarallax-no wpr-parallax-no wpr-sticky-section-no\" data-id=\"bed54f2\" data-element_type=\"section\">\n\t\t\t\t\t\t<div class=\"elementor-container elementor-column-gap-default\">\n\t\t\t\t\t<div class=\"elementor-column elementor-col-100 elementor-top-column elementor-element elementor-element-74c2fb9\" data-id=\"74c2fb9\" data-element_type=\"column\">\n\t\t\t<div class=\"elementor-widget-wrap\">\n\t\t\t\t\t\t\t\t\t<\/div>\n\t\t<\/div>\n\t\t\t\t\t\t\t<\/div>\n\t\t<\/section>\n\t\t\t\t<section class=\"elementor-section elementor-top-section elementor-element elementor-element-261df75 elementor-section-boxed elementor-section-height-default elementor-section-height-default wpr-particle-no wpr-jarallax-no wpr-parallax-no wpr-sticky-section-no\" data-id=\"261df75\" data-element_type=\"section\">\n\t\t\t\t\t\t<div class=\"elementor-container elementor-column-gap-default\">\n\t\t\t\t\t<div class=\"elementor-column elementor-col-100 elementor-top-column elementor-element elementor-element-e921cc6\" data-id=\"e921cc6\" data-element_type=\"column\">\n\t\t\t<div class=\"elementor-widget-wrap elementor-element-populated\">\n\t\t\t\t\t\t\t\t<div class=\"elementor-element elementor-element-e43f1c5 elementor-widget elementor-widget-text-editor\" data-id=\"e43f1c5\" data-element_type=\"widget\" data-widget_type=\"text-editor.default\">\n\t\t\t\t<div class=\"elementor-widget-container\">\n\t\t\t<style>\/*! elementor - v3.6.5 - 27-04-2022 *\/\n.elementor-widget-text-editor.elementor-drop-cap-view-stacked .elementor-drop-cap{background-color:#818a91;color:#fff}.elementor-widget-text-editor.elementor-drop-cap-view-framed .elementor-drop-cap{color:#818a91;border:3px solid;background-color:transparent}.elementor-widget-text-editor:not(.elementor-drop-cap-view-default) .elementor-drop-cap{margin-top:8px}.elementor-widget-text-editor:not(.elementor-drop-cap-view-default) .elementor-drop-cap-letter{width:1em;height:1em}.elementor-widget-text-editor .elementor-drop-cap{float:left;text-align:center;line-height:1;font-size:50px}.elementor-widget-text-editor .elementor-drop-cap-letter{display:inline-block}<\/style>\t\t\t\t<p><!-- wp:image {\"id\":1855} --><\/p>\n<h2>\u00bfQu\u00e9<strong> hacemos?<\/strong><\/h2><div><strong><br><\/strong><\/div>\n<p><!-- \/wp:image --><!-- wp:paragraph --><\/p>\n<p><strong>Defensor\u00eda: de qu\u00e9 se trata&nbsp;<\/strong><\/p>\n<p>La Defensor\u00eda del Pueblo de la Ciudad de Paran\u00e1 es una instituci\u00f3n independiente de los gobiernos de turno, act\u00faa con plena libertad de criterio y autonom\u00eda funcional. Fue creada por ordenanza y los Defensores son designados por el Concejo Deliberante cada cinco a\u00f1os.<\/p>\n<p>Su objetivo consiste en defender, proteger y promover los derechos humanos, las garant\u00edas e intereses individuales, colectivos y difusos de los habitantes de la ciudad de Paran\u00e1. Interviene frente a actos, hechos y omisiones derivados de funciones administrativas por parte del Estado Municipal y sus agentes, organismos descentralizados, aut\u00e1rquicos, consorcios, cooperativas; entidades estatales y no estatales que desarrollen actividades p\u00fablicas; empresas prestatarias de servicios p\u00fablicos -cualquiera sea su forma jur\u00eddica-.<\/p>\n<p>El \u00e1mbito de injerencia de la Defensor\u00eda se circunscribe a la ciudad de Paran\u00e1.<\/p>\n<p><br><\/p>\n<p><\/p>\n<p><strong>Las funciones del o la Defensor\/a<\/strong><\/p>\n<p><strong>*<\/strong>Velar por el estricto cumplimiento y aplicaci\u00f3n de las normas municipales, provinciales y nacionales cuando corresponda, por parte de funcionarios y agentes del Estado Municipal.<\/p>\n<p><strong>*<\/strong>Atender denuncias, quejas y reclamos de quienes se consideren afectados por deficiencia, abusos, negligencia, discriminaci\u00f3n, demoras excesivas en tr\u00e1mites administrativos y todo aquello que se traduzca en menoscabo a sus derechos, garant\u00edas e intereses, y promover en consecuencia las acciones judiciales que correspondieren.<\/p>\n<p><strong>*<\/strong>Supervisar el funcionamiento de los \u00f3rganos y entes, como tambi\u00e9n la conducta de sus funcionarios y agentes, e investigar si existen situaciones de arbitrariedad, irregularidades, desviaciones de poder y errores administrativos.<\/p>\n<p><strong>*<\/strong>Formular recomendaciones a las distintas \u00e1reas del Estado Municipal y canalizar las sugerencias y propuestas de vecinos, entidades de bien p\u00fablico y dem\u00e1s instituciones representativas, relativas a cuestiones de inter\u00e9s comunitario.<\/p>\n<p><!-- \/wp:paragraph --><\/p>\t\t\t\t\t\t<\/div>\n\t\t\t\t<\/div>\n\t\t\t\t\t<\/div>\n\t\t<\/div>\n\t\t\t\t\t\t\t<\/div>\n\t\t<\/section>\n\t\t\t\t\t\t\t<\/div>\n\t\t","protected":false},"excerpt":{"rendered":"<p>Defensor\u00eda: de qu\u00e9 se trata&nbsp; La Defensor\u00eda del Pueblo de la Ciudad de Paran\u00e1 es una instituci\u00f3n independiente de los gobiernos de turno, act\u00faa con plena libertad de criterio y autonom\u00eda funcional. Fue creada por ordenanza y los Defensores son designados por el Concejo Deliberante cada cinco a\u00f1os. Su objetivo consiste en defender, proteger y [&hellip;]<\/p>\n","protected":false},"author":1,"featured_media":0,"parent":1825,"menu_order":0,"comment_status":"closed","ping_status":"closed","template":"elementor_canvas","meta":{"om_disable_all_campaigns":false,"_monsterinsights_skip_tracking":false,"_monsterinsights_sitenote_active":false,"_monsterinsights_sitenote_note":"","_monsterinsights_sitenote_category":0},"_links":{"self":[{"href":"https:\/\/defensoriaparana.com.ar\/index.php\/wp-json\/wp\/v2\/pages\/1907"}],"collection":[{"href":"https:\/\/defensoriaparana.com.ar\/index.php\/wp-json\/wp\/v2\/pages"}],"about":[{"href":"https:\/\/defensoriaparana.com.ar\/index.php\/wp-json\/wp\/v2\/types\/page"}],"author":[{"embeddable":true,"href":"https:\/\/defensoriaparana.com.ar\/index.php\/wp-json\/wp\/v2\/users\/1"}],"replies":[{"embeddable":true,"href":"https:\/\/defensoriaparana.com.ar\/index.php\/wp-json\/wp\/v2\/comments?post=1907"}],"version-history":[{"count":16,"href":"https:\/\/defensoriaparana.com.ar\/index.php\/wp-json\/wp\/v2\/pages\/1907\/revisions"}],"predecessor-version":[{"id":3839,"href":"https:\/\/defensoriaparana.com.ar\/index.php\/wp-json\/wp\/v2\/pages\/1907\/revisions\/3839"}],"up":[{"embeddable":true,"href":"https:\/\/defensoriaparana.com.ar\/index.php\/wp-json\/wp\/v2\/pages\/1825"}],"wp:attachment":[{"href":"https:\/\/defensoriaparana.com.ar\/index.php\/wp-json\/wp\/v2\/media?parent=1907"}],"curies":[{"name":"wp","href":"https:\/\/api.w.org\/{rel}","templated":true}]}}

¿Qué hacemos?

<div data-elementor-type="wp-page" data-elementor-id="1907" class="elementor elementor-1907">
									<section class="elementor-section elementor-top-section elementor-element elementor-element-bed54f2 elementor-section-boxed elementor-section-height-default elementor-section-height-default wpr-particle-no wpr-jarallax-no wpr-parallax-no wpr-sticky-section-no" data-id="bed54f2" data-element_type="section">
						<div class="elementor-container elementor-column-gap-default">
					<div class="elementor-column elementor-col-100 elementor-top-column elementor-element elementor-element-74c2fb9" data-id="74c2fb9" data-element_type="column">
			<div class="elementor-widget-wrap">
									</div>
		</div>
							</div>
		</section>
				<section class="elementor-section elementor-top-section elementor-element elementor-element-261df75 elementor-section-boxed elementor-section-height-default elementor-section-height-default wpr-particle-no wpr-jarallax-no wpr-parallax-no wpr-sticky-section-no" data-id="261df75" data-element_type="section">
						<div class="elementor-container elementor-column-gap-default">
					<div class="elementor-column elementor-col-100 elementor-top-column elementor-element elementor-element-e921cc6" data-id="e921cc6" data-element_type="column">
			<div class="elementor-widget-wrap elementor-element-populated">
								<div class="elementor-element elementor-element-e43f1c5 elementor-widget elementor-widget-text-editor" data-id="e43f1c5" data-element_type="widget" data-widget_type="text-editor.default">
				<div class="elementor-widget-container">
			<style>/*! elementor - v3.6.5 - 27-04-2022 */
.elementor-widget-text-editor.elementor-drop-cap-view-stacked .elementor-drop-cap{background-color:#818a91;color:#fff}.elementor-widget-text-editor.elementor-drop-cap-view-framed .elementor-drop-cap{color:#818a91;border:3px solid;background-color:transparent}.elementor-widget-text-editor:not(.elementor-drop-cap-view-default) .elementor-drop-cap{margin-top:8px}.elementor-widget-text-editor:not(.elementor-drop-cap-view-default) .elementor-drop-cap-letter{width:1em;height:1em}.elementor-widget-text-editor .elementor-drop-cap{float:left;text-align:center;line-height:1;font-size:50px}.elementor-widget-text-editor .elementor-drop-cap-letter{display:inline-block}</style>				<p><!-- wp:image {"id":1855} --></p>
<h2>¿Qué<strong> hacemos?</strong></h2><div><strong><br></strong></div>
<p><!-- /wp:image --><!-- wp:paragraph --></p>
<p><strong>Defensoría: de qué se trata&nbsp;</strong></p>
<p>La Defensoría del Pueblo de la Ciudad de Paraná es una institución independiente de los gobiernos de turno, actúa con plena libertad de criterio y autonomía funcional. Fue creada por ordenanza y los Defensores son designados por el Concejo Deliberante cada cinco años.</p>
<p>Su objetivo consiste en defender, proteger y promover los derechos humanos, las garantías e intereses individuales, colectivos y difusos de los habitantes de la ciudad de Paraná. Interviene frente a actos, hechos y omisiones derivados de funciones administrativas por parte del Estado Municipal y sus agentes, organismos descentralizados, autárquicos, consorcios, cooperativas; entidades estatales y no estatales que desarrollen actividades públicas; empresas prestatarias de servicios públicos -cualquiera sea su forma jurídica-.</p>
<p>El ámbito de injerencia de la Defensoría se circunscribe a la ciudad de Paraná.</p>
<p><br></p>
<p></p>
<p><strong>Las funciones del o la Defensor/a</strong></p>
<p><strong>*</strong>Velar por el estricto cumplimiento y aplicación de las normas municipales, provinciales y nacionales cuando corresponda, por parte de funcionarios y agentes del Estado Municipal.</p>
<p><strong>*</strong>Atender denuncias, quejas y reclamos de quienes se consideren afectados por deficiencia, abusos, negligencia, discriminación, demoras excesivas en trámites administrativos y todo aquello que se traduzca en menoscabo a sus derechos, garantías e intereses, y promover en consecuencia las acciones judiciales que correspondieren.</p>
<p><strong>*</strong>Supervisar el funcionamiento de los órganos y entes, como también la conducta de sus funcionarios y agentes, e investigar si existen situaciones de arbitrariedad, irregularidades, desviaciones de poder y errores administrativos.</p>
<p><strong>*</strong>Formular recomendaciones a las distintas áreas del Estado Municipal y canalizar las sugerencias y propuestas de vecinos, entidades de bien público y demás instituciones representativas, relativas a cuestiones de interés comunitario.</p>
<p><!-- /wp:paragraph --></p>						</div>
				</div>
					</div>
		</div>
							</div>
		</section>
							</div>

<p>Defensoría: de qué se trata&nbsp; La Defensoría del Pueblo de la Ciudad de Paraná es una institución independiente de los gobiernos de turno, actúa con plena libertad de criterio y autonomía funcional. Fue creada por ordenanza y los Defensores son designados por el Concejo Deliberante cada cinco años. Su objetivo consiste en defender, proteger y [&hellip;]</p>
