{"id":1944,"date":"2022-07-08T22:05:26","date_gmt":"2022-07-08T22:05:26","guid":{"rendered":"http:\/\/defensoriaparana.com.ar\/?page_id=1944"},"modified":"2025-02-12T13:45:16","modified_gmt":"2025-02-12T13:45:16","slug":"1944-2","status":"publish","type":"page","link":"https:\/\/defensoriaparana.com.ar\/index.php\/reclamos\/1944-2\/","title":{"rendered":"Defensor\u00eda de los Derechos de Personas Mayores"},"content":{"rendered":"\t\t<div data-elementor-type=\"wp-page\" data-elementor-id=\"1944\" class=\"elementor elementor-1944\">\n\t\t\t\t\t\t\t\t\t<section class=\"elementor-section elementor-top-section elementor-element elementor-element-0de86ec elementor-section-boxed elementor-section-height-default elementor-section-height-default wpr-particle-no wpr-jarallax-no wpr-parallax-no wpr-sticky-section-no\" data-id=\"0de86ec\" data-element_type=\"section\">\n\t\t\t\t\t\t<div class=\"elementor-container elementor-column-gap-default\">\n\t\t\t\t\t<div class=\"elementor-column elementor-col-100 elementor-top-column elementor-element elementor-element-dac9b4c\" data-id=\"dac9b4c\" data-element_type=\"column\">\n\t\t\t<div class=\"elementor-widget-wrap elementor-element-populated\">\n\t\t\t\t\t\t\t\t<div class=\"elementor-element elementor-element-fa9bfa5 elementor-widget elementor-widget-text-editor\" data-id=\"fa9bfa5\" data-element_type=\"widget\" data-widget_type=\"text-editor.default\">\n\t\t\t\t<div class=\"elementor-widget-container\">\n\t\t\t<style>\/*! elementor - v3.6.5 - 27-04-2022 *\/\n.elementor-widget-text-editor.elementor-drop-cap-view-stacked .elementor-drop-cap{background-color:#818a91;color:#fff}.elementor-widget-text-editor.elementor-drop-cap-view-framed .elementor-drop-cap{color:#818a91;border:3px solid;background-color:transparent}.elementor-widget-text-editor:not(.elementor-drop-cap-view-default) .elementor-drop-cap{margin-top:8px}.elementor-widget-text-editor:not(.elementor-drop-cap-view-default) .elementor-drop-cap-letter{width:1em;height:1em}.elementor-widget-text-editor .elementor-drop-cap{float:left;text-align:center;line-height:1;font-size:50px}.elementor-widget-text-editor .elementor-drop-cap-letter{display:inline-block}<\/style>\t\t\t\t<p><!-- wp:image {\"id\":1855} --><\/p>\n<h6>La figura de la Defens<b>or\u00eda de los Derechos de las Personas Mayores fue creada en el \u00e1mbito mediante la ordenanza N\u00ba 9389, de abril de 2016, e instrumentada a partir del 1 de octubre de 2020 con la designaci\u00f3n de Ligia Blanco para ejercer la funci\u00f3n.<\/b><\/h6>\n<p><strong>Ligia Blanco<\/strong>&nbsp;es Licenciada en Psicolog\u00eda y t\u00e9cnica en Psicogerentolog\u00eda por la Universidad Aut\u00f3noma de Entre R\u00edos. Es diplomada en Abordaje Cl\u00ednico y Social de Discapacidad (UCA Santa Fe) y cuenta con un posgrado en \u00abAdicciones: Curso Introductorio a los Consumos Problem\u00e1ticos\u00bb, entre otros.<\/p>\n<h6>Objetivo fundemental: velar por \u00abla defensa y protecci\u00f3n de los derechos de las personas mayores, reconocidos por la Constituci\u00f3n Nacional, Tratados Internacionales, Constituci\u00f3n Provincial y normas complementarias ante actos, hechos, y omisiones de la administraci\u00f3n p\u00fablica, como de situaciones derivadas de entidades o personas de la sociedad civil\u00bb, consigna la norma (Se adjunta la ordenanza).<\/h6>\n<p>Entre los derechos abarcados se pueden mencionar los establecidos por la Convenci\u00f3n Interamericana para la Protecci\u00f3n de los Derechos Humanos de las Personas Mayores.&nbsp;&nbsp;<\/p>\n<p>*Igualdad y no discriminaci\u00f3n por razones de edad<\/p>\n<p>*Derecho a la vida y a la dignidad en la vejez<\/p>\n<p>*Derecho a la independencia y a la autonom\u00eda<\/p>\n<p>*Derecho a la participaci\u00f3n e integraci\u00f3n comunitaria&nbsp;<\/p>\n<p>*Derecho a la seguridad y a una vida sin ning\u00fan tipo de violencia<\/p>\n<p>*Derecho a no ser sometido a tortura ni a penas o tratos crueles, inhumanos o degradantes<\/p>\n<p>*Derecho a brindar consentimiento libre e informado en el \u00e1mbito de la salud<\/p>\n<p>*Derechos de la persona mayor que recibe servicios de cuidado a largo plazo<\/p>\n<p>*Derecho a la libertad personal<\/p>\n<p>*Derecho a la libertad de expresi\u00f3n y de opini\u00f3n y al acceso a la informaci\u00f3n<\/p>\n<p>*Derecho a la nacionalidad y a la libertad de circulaci\u00f3n<\/p>\n<p>*Derecho a la privacidad y a la intimidad<\/p>\n<p>*Derecho a la seguridad social<\/p>\n<p>*Derecho al trabajo<\/p>\n<p>*Derecho a la salud<\/p>\n<p>*Derecho a la educaci\u00f3n<\/p>\n<p>*Derecho a la cultura<\/p>\n<p>*Derecho a la recreaci\u00f3n, al esparcimiento y al deporte<\/p>\n<p>*Derecho a la propiedad<\/p>\n<p>*Derecho a la vivienda<\/p>\n<p>*Derecho a un medio ambiente sano<\/p>\n<p>*Derecho a la accesibilidad y a la movilidad personal<\/p>\n<p>*Derechos pol\u00edticos<\/p>\n<p>*Derecho de reuni\u00f3n y de asociaci\u00f3n<\/p>\n<p>*Derecho al Igual reconocimiento como persona ante la ley y<\/p>\n<p>*Derecho al acceso a la justicia.<\/p><p>&#8212;&#8212;&#8212;&#8212;&#8212;&#8212;&#8211;<\/p>\n<div class=\"itemHeader\">\n<h6 class=\"itemTitle\"><strong>Ordenanza N\u00ba 9389&nbsp;Crea en el \u00e1mbito de la Defensor\u00eda del Pueblo la figura del Defensor de los Derechos de las Personas Mayores<\/strong><\/h6>\n<\/div>\n<div class=\"itemBody\">\n<div class=\"itemFullText\">\n<h6><strong>Ordenanza N\u00ba 9389<\/strong><br><strong>Sancionada: 21.04.2016<\/strong><br><strong>Promulgada: 11.05.2016 por Decreto N\u00ba 1077<\/strong><br><strong>Publicada: 18.05.2016<\/strong><\/h6>\n<p><strong>Art\u00edculo 1\u00b0.-<\/strong>&nbsp;Cr\u00e9ase en la ciudad de Paran\u00e1, en el \u00e1mbito de la Defensor\u00eda del Pueblo\u201d, la figura del Defensor de Los Derechos de las Personas Mayores.<\/p>\n<p><strong>Art\u00edculo 2\u00b0.-<\/strong>&nbsp;El Defensor de los Derechos de las Personas Mayores tendr\u00e1 como objetivo fundamental velar por la defensa y protecci\u00f3n de los derechos de los adultos mayores, reconocidos por la Constituci\u00f3n Nacional, Tratados Internacionales, Constituci\u00f3n Provincial y normas complementarias, ante actos, hechos, y omisiones de la administraci\u00f3n p\u00fablica, como de situaciones derivadas de entidades o personas de la sociedad civil.<\/p>\n<p><strong>Art\u00edculo 3\u00b0.-<\/strong>&nbsp;Los candidatos a Defensor de los Derechos de las Personas Mayores podr\u00e1n ser propuesto por cualquier ciudadano de Paran\u00e1 de manera escrita por un plazo de 30 d\u00edas desde la promulgaci\u00f3n de esta ordenanza ante la Mesa de Entrada del Honorable Concejo Deliberante acreditando los requisitos establecidos en el art\u00edculo 5 y sus complementos de instrumentaci\u00f3n. La Comisi\u00f3n de Familia, Ni\u00f1ez y Adolescencia, o la que en su futuro comprenda sus competencias, tendr\u00e1 un plazo de 30 d\u00edas posterior al cierre del per\u00edodo de postulaci\u00f3n, para emitir dict\u00e1menes de recomendaci\u00f3n de aquellos que considere m\u00e1s aptos para la tarea; los mismos ser\u00e1n remitidos al Cuerpo como anexo a la inclusi\u00f3n de la elecci\u00f3n de la figura en la sesi\u00f3n ordinaria siguiente al cumplimiento del plazo.<\/p>\n<p><strong>Art\u00edculo 4\u00ba.-<\/strong>&nbsp;El postulante para ser electo deber\u00e1 obtener las dos terceras partes de los votos de la totalidad de los miembros que conforman el cuerpo de concejales.<\/p>\n<p><strong>Art\u00edculo 5\u00b0.-<\/strong>&nbsp;Son requisitos para ser Defensor de los Derechos de las Personas Mayores: Reunir las condiciones establecidas la Constituci\u00f3n Provincial y la Ley 10027 (Mod. Por 10082) para ser Concejal. Acreditar antecedentes curriculares fundamentados en haber realizado tareas relacionadas de manera directa con la tem\u00e1tica de adultos mayores. La Comisi\u00f3n de Familia, ni\u00f1ez y adolescencia, o la que en su futuro comprenda sus competencias, podr\u00e1 complementar en detalle las condiciones a tener en cuenta para el cumplimiento del presente requisito.<\/p>\n<p><strong>Art\u00edculo 6\u00b0.-<\/strong>&nbsp;El mandato del Defensor de los Derechos de Las Personas Mayores ser\u00e1 de 2 (dos) a\u00f1os, pudiendo ser reelecto por una sola vez, y durante el per\u00edodo en que ocupe el cargo no podr\u00e1 desempe\u00f1ar funci\u00f3n alguna en federaciones, centros y\/o cualquier otro tipo de entidad de jubilados y\/o pensionados del \u00e1mbito local, provincial o nacional.<\/p>\n<p><strong>Art\u00edculo 7\u00b0.-<\/strong>&nbsp;La remuneraci\u00f3n del Defensor de los Derechos de las Personas Mayores ser\u00e1 equivalente al cincuenta (50) por ciento a la que por todo concepto perciba el Defensor del Pueblo.<\/p>\n<p><strong>Art\u00edculo 8\u00b0.-<\/strong>&nbsp;El Cese de funciones del Defensor de los Derechos de Las Personas Mayores contempla las mismas causales que las establecidas en el art\u00edculo 21 de la Ordenanza 8391 de la Defensor\u00eda del Pueblo de la Ciudad de Paran\u00e1.<\/p>\n<p><strong>Art\u00edculo 9\u00ba.-<\/strong>&nbsp;El Honorable Concejo Deliberante prever\u00e1 o re adecuar\u00e1 partidas presupuestarias correspondientes para dar cumplimiento a la creaci\u00f3n de la figura y afrontar la ejecuci\u00f3n de la presente ordenanza.<\/p>\n<p><strong>Art\u00edculo 10\u00b0.-<\/strong>&nbsp;Para el cumplimiento de sus funciones, el Defensor de Los Derechos de las Personas Mayores tendr\u00e1 las siguientes atribuciones y deberes:<\/p>\n<p>1) Actuar como interlocutor ante la administraci\u00f3n y las entidades p\u00fablicas en temas concernientes al sector de adultos mayores;<\/p>\n<p>2) Proteger los derechos e intereses p\u00fablicos de la poblaci\u00f3n mayor de la ciudad, sin recibir \u00f3rdenes o instrucciones de las autoridades municipales, frente a los actos, hechos u omisiones del Gobierno Municipal, que impliquen el ejercicio ileg\u00edtimo, defectuoso, irregular, abusivo, arbitrario, discriminatorio, negligente, gravemente inconveniente o inoportuno de sus funciones;<\/p>\n<p>3) Cumplir las funciones de veedor en la ejecuci\u00f3n de los planes de desarrollo en lo referente al sector de adultos mayores;<\/p>\n<p>4) Establecer canales de participaci\u00f3n de los adultos mayores para el dise\u00f1o de los planes de desarrollo;<\/p>\n<p>5) Dinamizar la promoci\u00f3n, formaci\u00f3n integral y participaci\u00f3n del sector, de acuerdo con los fines de la presente Ordenanza;<\/p>\n<p>6) Garantizar la divulgaci\u00f3n, promoci\u00f3n y capacitaci\u00f3n de los adultos mayores en lo referente a la legislaci\u00f3n vigente sobre ni\u00f1ez y juventud;<\/p>\n<p>7) Actuar como interlocutor ante el Estado para garantizar el acceso de adultos mayores a los servicios de salud integral;<\/p>\n<p>8) Promover la articulaci\u00f3n eficaz de las pol\u00edticas sociales en la lucha, por la reducci\u00f3n de las situaciones de marginalidad y exclusi\u00f3n de adultos mayores;<\/p>\n<p>9) Difundir y promover de manera abierta a toda la comunidad los derechos de las personas mayores.<\/p>\n<p>10) Presentar anualmente un informe y memoria de lo actuado al DEM y al HCD.<\/p>\n<p><strong>Art\u00edculo 11\u00b0.-<\/strong>&nbsp;Conf\u00f3rmese la creaci\u00f3n de la Mesa de Pol\u00edticas P\u00fablicas Municipales para Personas Mayores que estar\u00e1 integrada por el Defensor de los Derechos de los Adultos Mayores, Concejales de todos los bloques con representaci\u00f3n legislativa, M\u00e9dicos Geront\u00f3logos, Defensor del Pueblo, Direcci\u00f3n de Tercera Edad, Secretaria de Derechos Humanos, profesionales de atenci\u00f3n primaria, representantes del PAMI, ANSES, ONG\u2019s, Geri\u00e1tricos p\u00fablicos y privados; y toda persona o instituci\u00f3n cuyo aporte se considere relevante para el objetivo y esp\u00edritu de la presente ordenanza.<\/p>\n<p><strong>Art\u00edculo 12\u00b0.-<\/strong>&nbsp;La Mesa de Pol\u00edticas P\u00fablicas Municipales para Personas Mayores se reunir\u00e1 una vez por mes y tendr\u00e1 por funci\u00f3n proponer y discutir las medidas a implementar para velar por la defensa y protecci\u00f3n de los intereses de los adultos mayores.<\/p>\n<p><strong>Art\u00edculo 13\u00b0.-<\/strong>&nbsp;Los aspectos procesales de la actuaci\u00f3n del Defensor de los Derechos de las Personas Mayores ser\u00e1n regulados en conformidad con el T\u00edtulo III del Procedimiento de la Ordenanza N\u00b0 8391 de la Defensor\u00eda del Pueblo de la ciudad de Paran\u00e1.<\/p>\n<\/div>\n<\/div>\n<p><!-- \/wp:paragraph --><\/p>\t\t\t\t\t\t<\/div>\n\t\t\t\t<\/div>\n\t\t\t\t\t<\/div>\n\t\t<\/div>\n\t\t\t\t\t\t\t<\/div>\n\t\t<\/section>\n\t\t\t\t\t\t\t<\/div>\n\t\t","protected":false},"excerpt":{"rendered":"","protected":false},"author":1,"featured_media":0,"parent":1828,"menu_order":0,"comment_status":"closed","ping_status":"closed","template":"elementor_canvas","meta":{"om_disable_all_campaigns":false,"_monsterinsights_skip_tracking":false,"_monsterinsights_sitenote_active":false,"_monsterinsights_sitenote_note":"","_monsterinsights_sitenote_category":0},"_links":{"self":[{"href":"https:\/\/defensoriaparana.com.ar\/index.php\/wp-json\/wp\/v2\/pages\/1944"}],"collection":[{"href":"https:\/\/defensoriaparana.com.ar\/index.php\/wp-json\/wp\/v2\/pages"}],"about":[{"href":"https:\/\/defensoriaparana.com.ar\/index.php\/wp-json\/wp\/v2\/types\/page"}],"author":[{"embeddable":true,"href":"https:\/\/defensoriaparana.com.ar\/index.php\/wp-json\/wp\/v2\/users\/1"}],"replies":[{"embeddable":true,"href":"https:\/\/defensoriaparana.com.ar\/index.php\/wp-json\/wp\/v2\/comments?post=1944"}],"version-history":[{"count":8,"href":"https:\/\/defensoriaparana.com.ar\/index.php\/wp-json\/wp\/v2\/pages\/1944\/revisions"}],"predecessor-version":[{"id":5604,"href":"https:\/\/defensoriaparana.com.ar\/index.php\/wp-json\/wp\/v2\/pages\/1944\/revisions\/5604"}],"up":[{"embeddable":true,"href":"https:\/\/defensoriaparana.com.ar\/index.php\/wp-json\/wp\/v2\/pages\/1828"}],"wp:attachment":[{"href":"https:\/\/defensoriaparana.com.ar\/index.php\/wp-json\/wp\/v2\/media?parent=1944"}],"curies":[{"name":"wp","href":"https:\/\/api.w.org\/{rel}","templated":true}]}}

Defensoría de los Derechos de Personas Mayores

<div data-elementor-type="wp-page" data-elementor-id="1944" class="elementor elementor-1944">
									<section class="elementor-section elementor-top-section elementor-element elementor-element-0de86ec elementor-section-boxed elementor-section-height-default elementor-section-height-default wpr-particle-no wpr-jarallax-no wpr-parallax-no wpr-sticky-section-no" data-id="0de86ec" data-element_type="section">
						<div class="elementor-container elementor-column-gap-default">
					<div class="elementor-column elementor-col-100 elementor-top-column elementor-element elementor-element-dac9b4c" data-id="dac9b4c" data-element_type="column">
			<div class="elementor-widget-wrap elementor-element-populated">
								<div class="elementor-element elementor-element-fa9bfa5 elementor-widget elementor-widget-text-editor" data-id="fa9bfa5" data-element_type="widget" data-widget_type="text-editor.default">
				<div class="elementor-widget-container">
			<style>/*! elementor - v3.6.5 - 27-04-2022 */
.elementor-widget-text-editor.elementor-drop-cap-view-stacked .elementor-drop-cap{background-color:#818a91;color:#fff}.elementor-widget-text-editor.elementor-drop-cap-view-framed .elementor-drop-cap{color:#818a91;border:3px solid;background-color:transparent}.elementor-widget-text-editor:not(.elementor-drop-cap-view-default) .elementor-drop-cap{margin-top:8px}.elementor-widget-text-editor:not(.elementor-drop-cap-view-default) .elementor-drop-cap-letter{width:1em;height:1em}.elementor-widget-text-editor .elementor-drop-cap{float:left;text-align:center;line-height:1;font-size:50px}.elementor-widget-text-editor .elementor-drop-cap-letter{display:inline-block}</style>				<p><!-- wp:image {"id":1855} --></p>
<h6>La figura de la Defens<b>oría de los Derechos de las Personas Mayores fue creada en el ámbito mediante la ordenanza Nº 9389, de abril de 2016, e instrumentada a partir del 1 de octubre de 2020 con la designación de Ligia Blanco para ejercer la función.</b></h6>
<p><strong>Ligia Blanco</strong>&nbsp;es Licenciada en Psicología y técnica en Psicogerentología por la Universidad Autónoma de Entre Ríos. Es diplomada en Abordaje Clínico y Social de Discapacidad (UCA Santa Fe) y cuenta con un posgrado en «Adicciones: Curso Introductorio a los Consumos Problemáticos», entre otros.</p>
<h6>Objetivo fundemental: velar por «la defensa y protección de los derechos de las personas mayores, reconocidos por la Constitución Nacional, Tratados Internacionales, Constitución Provincial y normas complementarias ante actos, hechos, y omisiones de la administración pública, como de situaciones derivadas de entidades o personas de la sociedad civil», consigna la norma (Se adjunta la ordenanza).</h6>
<p>Entre los derechos abarcados se pueden mencionar los establecidos por la Convención Interamericana para la Protección de los Derechos Humanos de las Personas Mayores.&nbsp;&nbsp;</p>
<p>*Igualdad y no discriminación por razones de edad</p>
<p>*Derecho a la vida y a la dignidad en la vejez</p>
<p>*Derecho a la independencia y a la autonomía</p>
<p>*Derecho a la participación e integración comunitaria&nbsp;</p>
<p>*Derecho a la seguridad y a una vida sin ningún tipo de violencia</p>
<p>*Derecho a no ser sometido a tortura ni a penas o tratos crueles, inhumanos o degradantes</p>
<p>*Derecho a brindar consentimiento libre e informado en el ámbito de la salud</p>
<p>*Derechos de la persona mayor que recibe servicios de cuidado a largo plazo</p>
<p>*Derecho a la libertad personal</p>
<p>*Derecho a la libertad de expresión y de opinión y al acceso a la información</p>
<p>*Derecho a la nacionalidad y a la libertad de circulación</p>
<p>*Derecho a la privacidad y a la intimidad</p>
<p>*Derecho a la seguridad social</p>
<p>*Derecho al trabajo</p>
<p>*Derecho a la salud</p>
<p>*Derecho a la educación</p>
<p>*Derecho a la cultura</p>
<p>*Derecho a la recreación, al esparcimiento y al deporte</p>
<p>*Derecho a la propiedad</p>
<p>*Derecho a la vivienda</p>
<p>*Derecho a un medio ambiente sano</p>
<p>*Derecho a la accesibilidad y a la movilidad personal</p>
<p>*Derechos políticos</p>
<p>*Derecho de reunión y de asociación</p>
<p>*Derecho al Igual reconocimiento como persona ante la ley y</p>
<p>*Derecho al acceso a la justicia.</p><p>&#8212;&#8212;&#8212;&#8212;&#8212;&#8212;&#8211;</p>
<div class="itemHeader">
<h6 class="itemTitle"><strong>Ordenanza Nº 9389&nbsp;Crea en el ámbito de la Defensoría del Pueblo la figura del Defensor de los Derechos de las Personas Mayores</strong></h6>
</div>
<div class="itemBody">
<div class="itemFullText">
<h6><strong>Ordenanza Nº 9389</strong><br><strong>Sancionada: 21.04.2016</strong><br><strong>Promulgada: 11.05.2016 por Decreto Nº 1077</strong><br><strong>Publicada: 18.05.2016</strong></h6>
<p><strong>Artículo 1°.-</strong>&nbsp;Créase en la ciudad de Paraná, en el ámbito de la Defensoría del Pueblo”, la figura del Defensor de Los Derechos de las Personas Mayores.</p>
<p><strong>Artículo 2°.-</strong>&nbsp;El Defensor de los Derechos de las Personas Mayores tendrá como objetivo fundamental velar por la defensa y protección de los derechos de los adultos mayores, reconocidos por la Constitución Nacional, Tratados Internacionales, Constitución Provincial y normas complementarias, ante actos, hechos, y omisiones de la administración pública, como de situaciones derivadas de entidades o personas de la sociedad civil.</p>
<p><strong>Artículo 3°.-</strong>&nbsp;Los candidatos a Defensor de los Derechos de las Personas Mayores podrán ser propuesto por cualquier ciudadano de Paraná de manera escrita por un plazo de 30 días desde la promulgación de esta ordenanza ante la Mesa de Entrada del Honorable Concejo Deliberante acreditando los requisitos establecidos en el artículo 5 y sus complementos de instrumentación. La Comisión de Familia, Niñez y Adolescencia, o la que en su futuro comprenda sus competencias, tendrá un plazo de 30 días posterior al cierre del período de postulación, para emitir dictámenes de recomendación de aquellos que considere más aptos para la tarea; los mismos serán remitidos al Cuerpo como anexo a la inclusión de la elección de la figura en la sesión ordinaria siguiente al cumplimiento del plazo.</p>
<p><strong>Artículo 4º.-</strong>&nbsp;El postulante para ser electo deberá obtener las dos terceras partes de los votos de la totalidad de los miembros que conforman el cuerpo de concejales.</p>
<p><strong>Artículo 5°.-</strong>&nbsp;Son requisitos para ser Defensor de los Derechos de las Personas Mayores: Reunir las condiciones establecidas la Constitución Provincial y la Ley 10027 (Mod. Por 10082) para ser Concejal. Acreditar antecedentes curriculares fundamentados en haber realizado tareas relacionadas de manera directa con la temática de adultos mayores. La Comisión de Familia, niñez y adolescencia, o la que en su futuro comprenda sus competencias, podrá complementar en detalle las condiciones a tener en cuenta para el cumplimiento del presente requisito.</p>
<p><strong>Artículo 6°.-</strong>&nbsp;El mandato del Defensor de los Derechos de Las Personas Mayores será de 2 (dos) años, pudiendo ser reelecto por una sola vez, y durante el período en que ocupe el cargo no podrá desempeñar función alguna en federaciones, centros y/o cualquier otro tipo de entidad de jubilados y/o pensionados del ámbito local, provincial o nacional.</p>
<p><strong>Artículo 7°.-</strong>&nbsp;La remuneración del Defensor de los Derechos de las Personas Mayores será equivalente al cincuenta (50) por ciento a la que por todo concepto perciba el Defensor del Pueblo.</p>
<p><strong>Artículo 8°.-</strong>&nbsp;El Cese de funciones del Defensor de los Derechos de Las Personas Mayores contempla las mismas causales que las establecidas en el artículo 21 de la Ordenanza 8391 de la Defensoría del Pueblo de la Ciudad de Paraná.</p>
<p><strong>Artículo 9º.-</strong>&nbsp;El Honorable Concejo Deliberante preverá o re adecuará partidas presupuestarias correspondientes para dar cumplimiento a la creación de la figura y afrontar la ejecución de la presente ordenanza.</p>
<p><strong>Artículo 10°.-</strong>&nbsp;Para el cumplimiento de sus funciones, el Defensor de Los Derechos de las Personas Mayores tendrá las siguientes atribuciones y deberes:</p>
<p>1) Actuar como interlocutor ante la administración y las entidades públicas en temas concernientes al sector de adultos mayores;</p>
<p>2) Proteger los derechos e intereses públicos de la población mayor de la ciudad, sin recibir órdenes o instrucciones de las autoridades municipales, frente a los actos, hechos u omisiones del Gobierno Municipal, que impliquen el ejercicio ilegítimo, defectuoso, irregular, abusivo, arbitrario, discriminatorio, negligente, gravemente inconveniente o inoportuno de sus funciones;</p>
<p>3) Cumplir las funciones de veedor en la ejecución de los planes de desarrollo en lo referente al sector de adultos mayores;</p>
<p>4) Establecer canales de participación de los adultos mayores para el diseño de los planes de desarrollo;</p>
<p>5) Dinamizar la promoción, formación integral y participación del sector, de acuerdo con los fines de la presente Ordenanza;</p>
<p>6) Garantizar la divulgación, promoción y capacitación de los adultos mayores en lo referente a la legislación vigente sobre niñez y juventud;</p>
<p>7) Actuar como interlocutor ante el Estado para garantizar el acceso de adultos mayores a los servicios de salud integral;</p>
<p>8) Promover la articulación eficaz de las políticas sociales en la lucha, por la reducción de las situaciones de marginalidad y exclusión de adultos mayores;</p>
<p>9) Difundir y promover de manera abierta a toda la comunidad los derechos de las personas mayores.</p>
<p>10) Presentar anualmente un informe y memoria de lo actuado al DEM y al HCD.</p>
<p><strong>Artículo 11°.-</strong>&nbsp;Confórmese la creación de la Mesa de Políticas Públicas Municipales para Personas Mayores que estará integrada por el Defensor de los Derechos de los Adultos Mayores, Concejales de todos los bloques con representación legislativa, Médicos Gerontólogos, Defensor del Pueblo, Dirección de Tercera Edad, Secretaria de Derechos Humanos, profesionales de atención primaria, representantes del PAMI, ANSES, ONG’s, Geriátricos públicos y privados; y toda persona o institución cuyo aporte se considere relevante para el objetivo y espíritu de la presente ordenanza.</p>
<p><strong>Artículo 12°.-</strong>&nbsp;La Mesa de Políticas Públicas Municipales para Personas Mayores se reunirá una vez por mes y tendrá por función proponer y discutir las medidas a implementar para velar por la defensa y protección de los intereses de los adultos mayores.</p>
<p><strong>Artículo 13°.-</strong>&nbsp;Los aspectos procesales de la actuación del Defensor de los Derechos de las Personas Mayores serán regulados en conformidad con el Título III del Procedimiento de la Ordenanza N° 8391 de la Defensoría del Pueblo de la ciudad de Paraná.</p>
</div>
</div>
<p><!-- /wp:paragraph --></p>						</div>
				</div>
					</div>
		</div>
							</div>
		</section>
							</div>
