{"id":2008,"date":"2022-07-09T12:47:19","date_gmt":"2022-07-09T12:47:19","guid":{"rendered":"http:\/\/defensoriaparana.com.ar\/?page_id=2008"},"modified":"2023-11-02T14:28:19","modified_gmt":"2023-11-02T14:28:19","slug":"centro-de-mediacion","status":"publish","type":"page","link":"https:\/\/defensoriaparana.com.ar\/index.php\/centro-de-mediacion-2\/centro-de-mediacion\/","title":{"rendered":"Sobre el Centro"},"content":{"rendered":"\t\t<div data-elementor-type=\"wp-page\" data-elementor-id=\"2008\" class=\"elementor elementor-2008\">\n\t\t\t\t\t\t\t\t\t<section class=\"elementor-section elementor-top-section elementor-element elementor-element-838ade0 elementor-section-boxed elementor-section-height-default elementor-section-height-default wpr-particle-no wpr-jarallax-no wpr-parallax-no wpr-sticky-section-no\" data-id=\"838ade0\" data-element_type=\"section\">\n\t\t\t\t\t\t<div class=\"elementor-container elementor-column-gap-default\">\n\t\t\t\t\t<div class=\"elementor-column elementor-col-100 elementor-top-column elementor-element elementor-element-b5e8125\" data-id=\"b5e8125\" data-element_type=\"column\">\n\t\t\t<div class=\"elementor-widget-wrap elementor-element-populated\">\n\t\t\t\t\t\t\t\t<div class=\"elementor-element elementor-element-97191b4 elementor-widget elementor-widget-text-editor\" data-id=\"97191b4\" data-element_type=\"widget\" data-widget_type=\"text-editor.default\">\n\t\t\t\t<div class=\"elementor-widget-container\">\n\t\t\t<style>\/*! elementor - v3.6.5 - 27-04-2022 *\/\n.elementor-widget-text-editor.elementor-drop-cap-view-stacked .elementor-drop-cap{background-color:#818a91;color:#fff}.elementor-widget-text-editor.elementor-drop-cap-view-framed .elementor-drop-cap{color:#818a91;border:3px solid;background-color:transparent}.elementor-widget-text-editor:not(.elementor-drop-cap-view-default) .elementor-drop-cap{margin-top:8px}.elementor-widget-text-editor:not(.elementor-drop-cap-view-default) .elementor-drop-cap-letter{width:1em;height:1em}.elementor-widget-text-editor .elementor-drop-cap{float:left;text-align:center;line-height:1;font-size:50px}.elementor-widget-text-editor .elementor-drop-cap-letter{display:inline-block}<\/style>\t\t\t\t<p><!-- wp:image {\"id\":1855} --><\/p>\n<h4><strong style=\"color: var( --e-global-color-text ); font-family: var( --e-global-typography-text-font-family ), Sans-serif;\">Sobre el Centro\u00a0<\/strong><\/h4>\n<h2><strong style=\"color: var( --e-global-color-text ); font-family: var( --e-global-typography-text-font-family ), Sans-serif; font-size: 1rem;\">Qu\u00e9 es la mediaci\u00f3n<\/strong><\/h2>\n<p>Es una manera de abordar, resolver y transformar conflictos de forma pac\u00edfica. A trav\u00e9s del\u00a0<strong>di\u00e1logo,\u00a0<\/strong>se busca que las personas se re\u00fanan en un espacio imparcial e intenten resolver la situaci\u00f3n que tienen en com\u00fan, encamin\u00e1ndose hacia la posibilidad de llegar a un acuerdo que beneficie a todas las partes.<\/p>\n<p>La coordinaci\u00f3n del encuentro est\u00e1 a cargo de <strong>especialistas en mediaci\u00f3n, <\/strong>quienes tienen la misi\u00f3n de facilitar la comunicaci\u00f3n y estimular la creatividad de los participantes para generar alternativas nuevas a los problemas cotidianos.<\/p>\n<p>La mediaci\u00f3n es una instancia\u00a0<strong>extra-judicial, voluntaria y confidencial<\/strong>. Es un servicio que ofrece la Defensor\u00eda del Pueblo de Paran\u00e1 de forma\u00a0<strong>gratuita<\/strong>\u00a0a la comunidad.<\/p>\n<p><strong>C\u00f3mo surge el servicio<\/strong><\/p>\n<p>Por la ordenanza 8391 de 2002 se cre\u00f3 la Defensor\u00eda del Pueblo de Paran\u00e1 y, en su \u00e1mbito, tambi\u00e9n el Centro de Mediaci\u00f3n Comunitaria.<\/p>\n<p>La legislaci\u00f3n establece para el funcionamiento del Centro, la designaci\u00f3n de una persona a cargo de la Coordinaci\u00f3n, que es elegida por concurso p\u00fablico de oposici\u00f3n y antecedentes.\u00a0<\/p>\n<p>En noviembre de 2003, la tarea comenz\u00f3 con la coordinaci\u00f3n de Martha Arr\u00edas Pab\u00f3n, quien cumpli\u00f3 con el mandato del cargo de\u00a0 cinco a\u00f1os: estuvo hasta julio de 2008.\u00a0<\/p>\n<p>En su gesti\u00f3n, en 2003, se instrument\u00f3 el Registro de Mediadores Comunitarios Voluntario y Ad honorem.<\/p>\n<p>\u00a0<\/p>\n<p>\u00a0<\/p>\n<p>\u00a0<\/p>\n<p><img loading=\"lazy\" class=\"wp-image-4151 size-medium aligncenter\" src=\"http:\/\/defensoriaparana.com.ar\/wp-content\/uploads\/2023\/01\/marta_arrias_big-300x225.jpg\" alt=\"Martha Arr\u00edas Pab\u00f3n\" width=\"300\" height=\"225\" srcset=\"https:\/\/defensoriaparana.com.ar\/wp-content\/uploads\/2023\/01\/marta_arrias_big-300x225.jpg 300w, https:\/\/defensoriaparana.com.ar\/wp-content\/uploads\/2023\/01\/marta_arrias_big.jpg 614w\" sizes=\"(max-width: 300px) 100vw, 300px\" \/>\u00a0 \u00a0 \u00a0 \u00a0 \u00a0 \u00a0 \u00a0 \u00a0 \u00a0 \u00a0 \u00a0 \u00a0 \u00a0 \u00a0 \u00a0 \u00a0 \u00a0 \u00a0 \u00a0 \u00a0 \u00a0 \u00a0 \u00a0 \u00a0Martha Arr\u00edas Pab\u00f3n<\/p>\n<div>\n<p>\u00a0<\/p>\n<p>Desde ese 2008, cuando termin\u00f3 su gesti\u00f3n Arr\u00edas Pab\u00f3n, la abogada y mediadora Irina Chausovsky permaneci\u00f3 al frente de la articulaci\u00f3n del \u00e1rea hasta 2012, cuando fue designada Coordinadora del Centro de Mediaci\u00f3n Comunitaria por el Concejo Deliberante.\u00a0 El nombramiento se realiz\u00f3 tras la concreci\u00f3n de un concurso de antecedentes y oposici\u00f3n. En febrero de 2018 se inici\u00f3 la convocatoria p\u00fablica para ocupar el cargo, proceso que culmin\u00f3 el 4 de abril de ese a\u00f1o cuando result\u00f3 electa Irina Chausovsky.\u00a0 En 2022, se reinici\u00f3 el procedimiento de convocatoria y elecci\u00f3n, siendo la Coordinadora en funciones, Irina Chausovsky, la \u00fanica aspirante inscripta, quien result\u00f3 designada por el jurado constituido el 22 de diciembre de ese a\u00f1o.\u00a0<\/p>\n<p>\u00a0<\/p>\n<p><strong>C\u00f3mo se encara el trabajo<\/strong><\/p>\n<p>Las mediaciones son realizadas por un equipo interdisciplinario de mediadores ad honorem, que integran el Registro del Centro y que con gran compromiso y solidaridad brindan su tiempo y dedicaci\u00f3n a la ciudadan\u00eda de Paran\u00e1. Para cada mediaci\u00f3n se convoca a dos mediadores (co-mediaci\u00f3n).<\/p>\n<p>El Registro se renueva cada a\u00f1o, en el mes de noviembre, y mantiene una n\u00f3mina de m\u00e1s de cien personas.<\/p>\n<p>\u00a0<\/p>\n<p><strong>Caracter\u00edsticas de las mediaciones<\/strong><\/p>\n<p>-es\u00a0<strong style=\"color: var( --e-global-color-text ); font-family: var( --e-global-typography-text-font-family ), Sans-serif; font-size: 1rem;\">voluntaria,<\/strong><span style=\"color: var( --e-global-color-text ); font-family: var( --e-global-typography-text-font-family ), Sans-serif; font-weight: var( --e-global-typography-text-font-weight ); font-size: 1rem;\">\u00a0<\/span><strong style=\"color: var( --e-global-color-text ); font-family: var( --e-global-typography-text-font-family ), Sans-serif; font-size: 1rem;\">confidencial<\/strong><span style=\"color: var( --e-global-color-text ); font-family: var( --e-global-typography-text-font-family ), Sans-serif; font-weight: var( --e-global-typography-text-font-weight ); font-size: 1rem;\">\u00a0y\u00a0<\/span><strong style=\"color: var( --e-global-color-text ); font-family: var( --e-global-typography-text-font-family ), Sans-serif; font-size: 1rem;\">gratuita<\/strong><strong style=\"color: var( --e-global-color-text ); font-family: var( --e-global-typography-text-font-family ), Sans-serif; font-size: 1rem;\">.<\/strong><\/p>\n<p>-se realiza en un \u00e1mbito de\u00a0<strong>cooperaci\u00f3n<\/strong>,\u00a0<strong>confianza<\/strong>,\u00a0<strong>imparcialidad y<\/strong>\u00a0<strong>equilibrio,\u00a0<\/strong>en el que se privilegia<strong>\u00a0el protagonismo de los participantes y\u00a0<\/strong>se busca un<strong>\u00a0resultado beneficioso para todas las partes.<\/strong><\/p>\n<p>-el rol de quien media es de\u00a0<strong>facilitar la comunicaci\u00f3n, impulsar un clima propicio para el di\u00e1logo\u00a0<\/strong>y\u00a0<strong>estimular la creatividad para generar alternativas de soluci\u00f3n<\/strong><strong>.<\/strong><\/p>\n<p>\u00a0<\/p>\n<p><strong>Qu\u00e9 temas son mediables<\/strong><\/p>\n<p>El Centro de Mediaci\u00f3n de la Defensor\u00eda del Pueblo se dedica a la mediaci\u00f3n comunitaria, que incluye, por ejemplo, conflictos basados en:<\/p>\n<p><em>-Medianer\u00eda<\/em><\/p>\n<p><em>-Humedades<\/em><\/p>\n<p><em>-Convivencia<\/em><\/p>\n<p><em>-Ruidos molestos<\/em><\/p>\n<p><em>-Mascotas<\/em><\/p>\n<p><strong>\u00a0<\/strong><\/p>\n<p><strong>Alcance<\/strong><\/p>\n<p>-El Centro de Mediaci\u00f3n s\u00f3lo act\u00faa en conflictos comunitarios y cuestiones de convivencia.<\/p>\n<p>\u00a0<\/p>\n<p><strong>En lo que NO tiene injerencia<\/strong><\/p>\n<p>-No ser\u00e1 aplicable la mediaci\u00f3n en los siguientes casos: causas penales, cuestiones relativas a separaci\u00f3n personal, divorcio, nulidad de matrimonio, r\u00e9gimen de tenencia de hijos, visitas, filiaci\u00f3n, patria potestad y cuestiones de Derecho de Familia, con exclusi\u00f3n de las cuestiones patrimoniales derivadas de \u00e9stas; situaciones donde est\u00e9n involucradas personas con discapacidad mental y menores de edad; sucesorios, asuntos laborales y en general, todos aquellos casos en que est\u00e9 involucrado el orden p\u00fablico. (art. 48 Ordenanza 8391)<\/p>\n<p>\u00a0<\/p>\n<p><!-- \/wp:paragraph --><\/p>\n<\/div>\t\t\t\t\t\t<\/div>\n\t\t\t\t<\/div>\n\t\t\t\t<div class=\"elementor-element elementor-element-3372e1f elementor-widget elementor-widget-text-editor\" data-id=\"3372e1f\" data-element_type=\"widget\" data-widget_type=\"text-editor.default\">\n\t\t\t\t<div class=\"elementor-widget-container\">\n\t\t\t\t\t\t\t\t\t\t\t\t\t<\/div>\n\t\t\t\t<\/div>\n\t\t\t\t\t<\/div>\n\t\t<\/div>\n\t\t\t\t\t\t\t<\/div>\n\t\t<\/section>\n\t\t\t\t\t\t\t<\/div>\n\t\t","protected":false},"excerpt":{"rendered":"","protected":false},"author":1,"featured_media":0,"parent":2019,"menu_order":0,"comment_status":"closed","ping_status":"closed","template":"elementor_canvas","meta":{"om_disable_all_campaigns":false,"_monsterinsights_skip_tracking":false,"_monsterinsights_sitenote_active":false,"_monsterinsights_sitenote_note":"","_monsterinsights_sitenote_category":0},"_links":{"self":[{"href":"https:\/\/defensoriaparana.com.ar\/index.php\/wp-json\/wp\/v2\/pages\/2008"}],"collection":[{"href":"https:\/\/defensoriaparana.com.ar\/index.php\/wp-json\/wp\/v2\/pages"}],"about":[{"href":"https:\/\/defensoriaparana.com.ar\/index.php\/wp-json\/wp\/v2\/types\/page"}],"author":[{"embeddable":true,"href":"https:\/\/defensoriaparana.com.ar\/index.php\/wp-json\/wp\/v2\/users\/1"}],"replies":[{"embeddable":true,"href":"https:\/\/defensoriaparana.com.ar\/index.php\/wp-json\/wp\/v2\/comments?post=2008"}],"version-history":[{"count":35,"href":"https:\/\/defensoriaparana.com.ar\/index.php\/wp-json\/wp\/v2\/pages\/2008\/revisions"}],"predecessor-version":[{"id":5131,"href":"https:\/\/defensoriaparana.com.ar\/index.php\/wp-json\/wp\/v2\/pages\/2008\/revisions\/5131"}],"up":[{"embeddable":true,"href":"https:\/\/defensoriaparana.com.ar\/index.php\/wp-json\/wp\/v2\/pages\/2019"}],"wp:attachment":[{"href":"https:\/\/defensoriaparana.com.ar\/index.php\/wp-json\/wp\/v2\/media?parent=2008"}],"curies":[{"name":"wp","href":"https:\/\/api.w.org\/{rel}","templated":true}]}}

<div data-elementor-type="wp-page" data-elementor-id="2008" class="elementor elementor-2008">
									<section class="elementor-section elementor-top-section elementor-element elementor-element-838ade0 elementor-section-boxed elementor-section-height-default elementor-section-height-default wpr-particle-no wpr-jarallax-no wpr-parallax-no wpr-sticky-section-no" data-id="838ade0" data-element_type="section">
						<div class="elementor-container elementor-column-gap-default">
					<div class="elementor-column elementor-col-100 elementor-top-column elementor-element elementor-element-b5e8125" data-id="b5e8125" data-element_type="column">
			<div class="elementor-widget-wrap elementor-element-populated">
								<div class="elementor-element elementor-element-97191b4 elementor-widget elementor-widget-text-editor" data-id="97191b4" data-element_type="widget" data-widget_type="text-editor.default">
				<div class="elementor-widget-container">
			<style>/*! elementor - v3.6.5 - 27-04-2022 */
.elementor-widget-text-editor.elementor-drop-cap-view-stacked .elementor-drop-cap{background-color:#818a91;color:#fff}.elementor-widget-text-editor.elementor-drop-cap-view-framed .elementor-drop-cap{color:#818a91;border:3px solid;background-color:transparent}.elementor-widget-text-editor:not(.elementor-drop-cap-view-default) .elementor-drop-cap{margin-top:8px}.elementor-widget-text-editor:not(.elementor-drop-cap-view-default) .elementor-drop-cap-letter{width:1em;height:1em}.elementor-widget-text-editor .elementor-drop-cap{float:left;text-align:center;line-height:1;font-size:50px}.elementor-widget-text-editor .elementor-drop-cap-letter{display:inline-block}</style>				<p><!-- wp:image {"id":1855} --></p>
<h4><strong style="color: var( --e-global-color-text ); font-family: var( --e-global-typography-text-font-family ), Sans-serif;">Sobre el Centro </strong></h4>
<h2><strong style="color: var( --e-global-color-text ); font-family: var( --e-global-typography-text-font-family ), Sans-serif; font-size: 1rem;">Qué es la mediación</strong></h2>
<p>Es una manera de abordar, resolver y transformar conflictos de forma pacífica. A través del <strong>diálogo, </strong>se busca que las personas se reúnan en un espacio imparcial e intenten resolver la situación que tienen en común, encaminándose hacia la posibilidad de llegar a un acuerdo que beneficie a todas las partes.</p>
<p>La coordinación del encuentro está a cargo de <strong>especialistas en mediación, </strong>quienes tienen la misión de facilitar la comunicación y estimular la creatividad de los participantes para generar alternativas nuevas a los problemas cotidianos.</p>
<p>La mediación es una instancia <strong>extra-judicial, voluntaria y confidencial</strong>. Es un servicio que ofrece la Defensoría del Pueblo de Paraná de forma <strong>gratuita</strong> a la comunidad.</p>
<p><strong>Cómo surge el servicio</strong></p>
<p>Por la ordenanza 8391 de 2002 se creó la Defensoría del Pueblo de Paraná y, en su ámbito, también el Centro de Mediación Comunitaria.</p>
<p>La legislación establece para el funcionamiento del Centro, la designación de una persona a cargo de la Coordinación, que es elegida por concurso público de oposición y antecedentes. </p>
<p>En noviembre de 2003, la tarea comenzó con la coordinación de Martha Arrías Pabón, quien cumplió con el mandato del cargo de  cinco años: estuvo hasta julio de 2008. </p>
<p>En su gestión, en 2003, se instrumentó el Registro de Mediadores Comunitarios Voluntario y Ad honorem.</p>
<p> </p>
<p> </p>
<p> </p>
<p><img loading="lazy" class="wp-image-4151 size-medium aligncenter" src="http://defensoriaparana.com.ar/wp-content/uploads/2023/01/marta_arrias_big-300x225.jpg" alt="Martha Arrías Pabón" width="300" height="225" srcset="https://defensoriaparana.com.ar/wp-content/uploads/2023/01/marta_arrias_big-300x225.jpg 300w, https://defensoriaparana.com.ar/wp-content/uploads/2023/01/marta_arrias_big.jpg 614w" sizes="(max-width: 300px) 100vw, 300px" />                                               Martha Arrías Pabón</p>
<div>
<p> </p>
<p>Desde ese 2008, cuando terminó su gestión Arrías Pabón, la abogada y mediadora Irina Chausovsky permaneció al frente de la articulación del área hasta 2012, cuando fue designada Coordinadora del Centro de Mediación Comunitaria por el Concejo Deliberante.  El nombramiento se realizó tras la concreción de un concurso de antecedentes y oposición. En febrero de 2018 se inició la convocatoria pública para ocupar el cargo, proceso que culminó el 4 de abril de ese año cuando resultó electa Irina Chausovsky.  En 2022, se reinició el procedimiento de convocatoria y elección, siendo la Coordinadora en funciones, Irina Chausovsky, la única aspirante inscripta, quien resultó designada por el jurado constituido el 22 de diciembre de ese año. </p>
<p> </p>
<p><strong>Cómo se encara el trabajo</strong></p>
<p>Las mediaciones son realizadas por un equipo interdisciplinario de mediadores ad honorem, que integran el Registro del Centro y que con gran compromiso y solidaridad brindan su tiempo y dedicación a la ciudadanía de Paraná. Para cada mediación se convoca a dos mediadores (co-mediación).</p>
<p>El Registro se renueva cada año, en el mes de noviembre, y mantiene una nómina de más de cien personas.</p>
<p> </p>
<p><strong>Características de las mediaciones</strong></p>
<p>-es <strong style="color: var( --e-global-color-text ); font-family: var( --e-global-typography-text-font-family ), Sans-serif; font-size: 1rem;">voluntaria,</strong><span style="color: var( --e-global-color-text ); font-family: var( --e-global-typography-text-font-family ), Sans-serif; font-weight: var( --e-global-typography-text-font-weight ); font-size: 1rem;"> </span><strong style="color: var( --e-global-color-text ); font-family: var( --e-global-typography-text-font-family ), Sans-serif; font-size: 1rem;">confidencial</strong><span style="color: var( --e-global-color-text ); font-family: var( --e-global-typography-text-font-family ), Sans-serif; font-weight: var( --e-global-typography-text-font-weight ); font-size: 1rem;"> y </span><strong style="color: var( --e-global-color-text ); font-family: var( --e-global-typography-text-font-family ), Sans-serif; font-size: 1rem;">gratuita</strong><strong style="color: var( --e-global-color-text ); font-family: var( --e-global-typography-text-font-family ), Sans-serif; font-size: 1rem;">.</strong></p>
<p>-se realiza en un ámbito de <strong>cooperación</strong>, <strong>confianza</strong>, <strong>imparcialidad y</strong> <strong>equilibrio, </strong>en el que se privilegia<strong> el protagonismo de los participantes y </strong>se busca un<strong> resultado beneficioso para todas las partes.</strong></p>
<p>-el rol de quien media es de <strong>facilitar la comunicación, impulsar un clima propicio para el diálogo </strong>y <strong>estimular la creatividad para generar alternativas de solución</strong><strong>.</strong></p>
<p> </p>
<p><strong>Qué temas son mediables</strong></p>
<p>El Centro de Mediación de la Defensoría del Pueblo se dedica a la mediación comunitaria, que incluye, por ejemplo, conflictos basados en:</p>
<p><em>-Medianería</em></p>
<p><em>-Humedades</em></p>
<p><em>-Convivencia</em></p>
<p><em>-Ruidos molestos</em></p>
<p><em>-Mascotas</em></p>
<p><strong> </strong></p>
<p><strong>Alcance</strong></p>
<p>-El Centro de Mediación sólo actúa en conflictos comunitarios y cuestiones de convivencia.</p>
<p> </p>
<p><strong>En lo que NO tiene injerencia</strong></p>
<p>-No será aplicable la mediación en los siguientes casos: causas penales, cuestiones relativas a separación personal, divorcio, nulidad de matrimonio, régimen de tenencia de hijos, visitas, filiación, patria potestad y cuestiones de Derecho de Familia, con exclusión de las cuestiones patrimoniales derivadas de éstas; situaciones donde estén involucradas personas con discapacidad mental y menores de edad; sucesorios, asuntos laborales y en general, todos aquellos casos en que esté involucrado el orden público. (art. 48 Ordenanza 8391)</p>
<p> </p>
<p><!-- /wp:paragraph --></p>
</div>						</div>
				</div>
				<div class="elementor-element elementor-element-3372e1f elementor-widget elementor-widget-text-editor" data-id="3372e1f" data-element_type="widget" data-widget_type="text-editor.default">
				<div class="elementor-widget-container">
													</div>
				</div>
					</div>
		</div>
							</div>
		</section>
							</div>
