{"id":2021,"date":"2022-07-09T12:56:07","date_gmt":"2022-07-09T12:56:07","guid":{"rendered":"http:\/\/defensoriaparana.com.ar\/?page_id=2021"},"modified":"2025-02-12T13:57:42","modified_gmt":"2025-02-12T13:57:42","slug":"coordinacion","status":"publish","type":"page","link":"https:\/\/defensoriaparana.com.ar\/index.php\/centro-de-mediacion-2\/coordinacion\/","title":{"rendered":"Coordinaci\u00f3n"},"content":{"rendered":"\t\t<div data-elementor-type=\"wp-page\" data-elementor-id=\"2021\" class=\"elementor elementor-2021\">\n\t\t\t\t\t\t\t\t\t<section class=\"elementor-section elementor-top-section elementor-element elementor-element-07372b8 elementor-section-boxed elementor-section-height-default elementor-section-height-default wpr-particle-no wpr-jarallax-no wpr-parallax-no wpr-sticky-section-no\" data-id=\"07372b8\" data-element_type=\"section\">\n\t\t\t\t\t\t<div class=\"elementor-container elementor-column-gap-default\">\n\t\t\t\t\t<div class=\"elementor-column elementor-col-100 elementor-top-column elementor-element elementor-element-b9d8775\" data-id=\"b9d8775\" data-element_type=\"column\">\n\t\t\t<div class=\"elementor-widget-wrap elementor-element-populated\">\n\t\t\t\t\t\t\t\t<div class=\"elementor-element elementor-element-bba64a0 elementor-widget elementor-widget-text-editor\" data-id=\"bba64a0\" data-element_type=\"widget\" data-widget_type=\"text-editor.default\">\n\t\t\t\t<div class=\"elementor-widget-container\">\n\t\t\t<style>\/*! elementor - v3.6.5 - 27-04-2022 *\/\n.elementor-widget-text-editor.elementor-drop-cap-view-stacked .elementor-drop-cap{background-color:#818a91;color:#fff}.elementor-widget-text-editor.elementor-drop-cap-view-framed .elementor-drop-cap{color:#818a91;border:3px solid;background-color:transparent}.elementor-widget-text-editor:not(.elementor-drop-cap-view-default) .elementor-drop-cap{margin-top:8px}.elementor-widget-text-editor:not(.elementor-drop-cap-view-default) .elementor-drop-cap-letter{width:1em;height:1em}.elementor-widget-text-editor .elementor-drop-cap{float:left;text-align:center;line-height:1;font-size:50px}.elementor-widget-text-editor .elementor-drop-cap-letter{display:inline-block}<\/style>\t\t\t\t<p><!-- wp:image {\"id\":1855} --><\/p>\n<h2><strong>COORDINACI\u00d3N<\/strong><\/h2>\n<h6><strong>Irina Chausovsky,&nbsp;<\/strong>Coordinadora del Centro de Mediaci\u00f3n de la Defensor\u00eda del Pueblo de Paran\u00e1<\/h6>\n<p><\/p>\n<p><strong><img loading=\"lazy\" class=\"alignnone wp-image-4114 size-full\" src=\"http:\/\/defensoriaparana.com.ar\/wp-content\/uploads\/2023\/01\/Irina-2019-275x300-1.jpg\" alt=\"\" width=\"275\" height=\"300\"><\/strong><\/p>\n<p>Es abogada, egresada de la Universidad Nacional del Litoral en 2001, y Mediadora formada en el Colegio de Escribanos de Entre R\u00edos con la Escuela de Capacitaci\u00f3n Oyanguren, Rabinovich y Asoc. (2002)<\/p>\n<p>Integra el Centro de Mediaci\u00f3n de la Defensor\u00eda del Pueblo de Paran\u00e1 desde sus inicios en 2003, primero como mediadora ad-honorem, luego como Jefa de Secci\u00f3n del Servicio de Mediaci\u00f3n y actualmente es Coordinadora, cargo al que accedi\u00f3 por concurso de oposici\u00f3n y antecedentes sustanciado en octubre 2012, en abril de 2018 y en diciembre de 2022.<\/p>\n<p>El cargo es por cuatro a\u00f1os y la evaluaci\u00f3n est\u00e1 a cargo de un jurado integrado por especialistas en la materia de reconocida trayectoria a nivel nacional.<\/p>\n<p>Irina Chausovsky dicta talleres introductorios a la mediaci\u00f3n y sobre herramientas de comunicaci\u00f3n para organismos municipales, docentes, polic\u00eda y p\u00fablico en general. Ha participado como asistente y ponente en numerosas jornadas, congresos y cursos de mediaci\u00f3n, especializ\u00e1ndose en mediaci\u00f3n comunitaria, conflictos p\u00fablicos y mediaci\u00f3n educativa.<\/p>\n<p>En septiembre de 2009 obtuvo el Primer Premio en el Concurso de Trabajos realizado en el Primer Congreso del NEA y del Mercosur en la ciudad de Corrientes por su trabajo&nbsp;<em>\u201cLo que el Estado propone y la voluntad mediadora dispone. La experiencia del Centro de Mediaci\u00f3n de la Defensor\u00eda del Pueblo de Paran\u00e1\u201d<\/em><\/p>\n<p>Junto a Martha Arr\u00edas constituyen el Nodo Entre R\u00edos de la Fundaci\u00f3n Mediadores en Red, entre otras tantas actividades en \u00e1mbitos p\u00fablicos y privados.<\/p>\n<p><\/p>\n<p><!-- \/wp:paragraph --><\/p>\t\t\t\t\t\t<\/div>\n\t\t\t\t<\/div>\n\t\t\t\t\t<\/div>\n\t\t<\/div>\n\t\t\t\t\t\t\t<\/div>\n\t\t<\/section>\n\t\t\t\t\t\t\t<\/div>\n\t\t","protected":false},"excerpt":{"rendered":"","protected":false},"author":1,"featured_media":0,"parent":2019,"menu_order":0,"comment_status":"closed","ping_status":"closed","template":"elementor_canvas","meta":{"om_disable_all_campaigns":false,"_monsterinsights_skip_tracking":false,"_monsterinsights_sitenote_active":false,"_monsterinsights_sitenote_note":"","_monsterinsights_sitenote_category":0},"_links":{"self":[{"href":"https:\/\/defensoriaparana.com.ar\/index.php\/wp-json\/wp\/v2\/pages\/2021"}],"collection":[{"href":"https:\/\/defensoriaparana.com.ar\/index.php\/wp-json\/wp\/v2\/pages"}],"about":[{"href":"https:\/\/defensoriaparana.com.ar\/index.php\/wp-json\/wp\/v2\/types\/page"}],"author":[{"embeddable":true,"href":"https:\/\/defensoriaparana.com.ar\/index.php\/wp-json\/wp\/v2\/users\/1"}],"replies":[{"embeddable":true,"href":"https:\/\/defensoriaparana.com.ar\/index.php\/wp-json\/wp\/v2\/comments?post=2021"}],"version-history":[{"count":19,"href":"https:\/\/defensoriaparana.com.ar\/index.php\/wp-json\/wp\/v2\/pages\/2021\/revisions"}],"predecessor-version":[{"id":5608,"href":"https:\/\/defensoriaparana.com.ar\/index.php\/wp-json\/wp\/v2\/pages\/2021\/revisions\/5608"}],"up":[{"embeddable":true,"href":"https:\/\/defensoriaparana.com.ar\/index.php\/wp-json\/wp\/v2\/pages\/2019"}],"wp:attachment":[{"href":"https:\/\/defensoriaparana.com.ar\/index.php\/wp-json\/wp\/v2\/media?parent=2021"}],"curies":[{"name":"wp","href":"https:\/\/api.w.org\/{rel}","templated":true}]}}

Coordinación

<div data-elementor-type="wp-page" data-elementor-id="2021" class="elementor elementor-2021">
									<section class="elementor-section elementor-top-section elementor-element elementor-element-07372b8 elementor-section-boxed elementor-section-height-default elementor-section-height-default wpr-particle-no wpr-jarallax-no wpr-parallax-no wpr-sticky-section-no" data-id="07372b8" data-element_type="section">
						<div class="elementor-container elementor-column-gap-default">
					<div class="elementor-column elementor-col-100 elementor-top-column elementor-element elementor-element-b9d8775" data-id="b9d8775" data-element_type="column">
			<div class="elementor-widget-wrap elementor-element-populated">
								<div class="elementor-element elementor-element-bba64a0 elementor-widget elementor-widget-text-editor" data-id="bba64a0" data-element_type="widget" data-widget_type="text-editor.default">
				<div class="elementor-widget-container">
			<style>/*! elementor - v3.6.5 - 27-04-2022 */
.elementor-widget-text-editor.elementor-drop-cap-view-stacked .elementor-drop-cap{background-color:#818a91;color:#fff}.elementor-widget-text-editor.elementor-drop-cap-view-framed .elementor-drop-cap{color:#818a91;border:3px solid;background-color:transparent}.elementor-widget-text-editor:not(.elementor-drop-cap-view-default) .elementor-drop-cap{margin-top:8px}.elementor-widget-text-editor:not(.elementor-drop-cap-view-default) .elementor-drop-cap-letter{width:1em;height:1em}.elementor-widget-text-editor .elementor-drop-cap{float:left;text-align:center;line-height:1;font-size:50px}.elementor-widget-text-editor .elementor-drop-cap-letter{display:inline-block}</style>				<p><!-- wp:image {"id":1855} --></p>
<h2><strong>COORDINACIÓN</strong></h2>
<h6><strong>Irina Chausovsky,&nbsp;</strong>Coordinadora del Centro de Mediación de la Defensoría del Pueblo de Paraná</h6>
<p></p>
<p><strong><img loading="lazy" class="alignnone wp-image-4114 size-full" src="http://defensoriaparana.com.ar/wp-content/uploads/2023/01/Irina-2019-275x300-1.jpg" alt="" width="275" height="300"></strong></p>
<p>Es abogada, egresada de la Universidad Nacional del Litoral en 2001, y Mediadora formada en el Colegio de Escribanos de Entre Ríos con la Escuela de Capacitación Oyanguren, Rabinovich y Asoc. (2002)</p>
<p>Integra el Centro de Mediación de la Defensoría del Pueblo de Paraná desde sus inicios en 2003, primero como mediadora ad-honorem, luego como Jefa de Sección del Servicio de Mediación y actualmente es Coordinadora, cargo al que accedió por concurso de oposición y antecedentes sustanciado en octubre 2012, en abril de 2018 y en diciembre de 2022.</p>
<p>El cargo es por cuatro años y la evaluación está a cargo de un jurado integrado por especialistas en la materia de reconocida trayectoria a nivel nacional.</p>
<p>Irina Chausovsky dicta talleres introductorios a la mediación y sobre herramientas de comunicación para organismos municipales, docentes, policía y público en general. Ha participado como asistente y ponente en numerosas jornadas, congresos y cursos de mediación, especializándose en mediación comunitaria, conflictos públicos y mediación educativa.</p>
<p>En septiembre de 2009 obtuvo el Primer Premio en el Concurso de Trabajos realizado en el Primer Congreso del NEA y del Mercosur en la ciudad de Corrientes por su trabajo&nbsp;<em>“Lo que el Estado propone y la voluntad mediadora dispone. La experiencia del Centro de Mediación de la Defensoría del Pueblo de Paraná”</em></p>
<p>Junto a Martha Arrías constituyen el Nodo Entre Ríos de la Fundación Mediadores en Red, entre otras tantas actividades en ámbitos públicos y privados.</p>
<p></p>
<p><!-- /wp:paragraph --></p>						</div>
				</div>
					</div>
		</div>
							</div>
		</section>
							</div>
