{"id":2027,"date":"2022-07-09T12:58:59","date_gmt":"2022-07-09T12:58:59","guid":{"rendered":"http:\/\/defensoriaparana.com.ar\/?page_id=2027"},"modified":"2023-01-17T13:59:33","modified_gmt":"2023-01-17T13:59:33","slug":"programas","status":"publish","type":"page","link":"https:\/\/defensoriaparana.com.ar\/index.php\/centro-de-mediacion-2\/programas\/","title":{"rendered":"Programas"},"content":{"rendered":"\t\t<div data-elementor-type=\"wp-page\" data-elementor-id=\"2027\" class=\"elementor elementor-2027\">\n\t\t\t\t\t\t\t\t\t<section class=\"elementor-section elementor-top-section elementor-element elementor-element-bc56e97 elementor-section-boxed elementor-section-height-default elementor-section-height-default wpr-particle-no wpr-jarallax-no wpr-parallax-no wpr-sticky-section-no\" data-id=\"bc56e97\" data-element_type=\"section\">\n\t\t\t\t\t\t<div class=\"elementor-container elementor-column-gap-default\">\n\t\t\t\t\t<div class=\"elementor-column elementor-col-100 elementor-top-column elementor-element elementor-element-27ccfbd\" data-id=\"27ccfbd\" data-element_type=\"column\">\n\t\t\t<div class=\"elementor-widget-wrap elementor-element-populated\">\n\t\t\t\t\t\t\t\t<div class=\"elementor-element elementor-element-9bdf140 elementor-widget elementor-widget-text-editor\" data-id=\"9bdf140\" data-element_type=\"widget\" data-widget_type=\"text-editor.default\">\n\t\t\t\t<div class=\"elementor-widget-container\">\n\t\t\t<style>\/*! elementor - v3.6.5 - 27-04-2022 *\/\n.elementor-widget-text-editor.elementor-drop-cap-view-stacked .elementor-drop-cap{background-color:#818a91;color:#fff}.elementor-widget-text-editor.elementor-drop-cap-view-framed .elementor-drop-cap{color:#818a91;border:3px solid;background-color:transparent}.elementor-widget-text-editor:not(.elementor-drop-cap-view-default) .elementor-drop-cap{margin-top:8px}.elementor-widget-text-editor:not(.elementor-drop-cap-view-default) .elementor-drop-cap-letter{width:1em;height:1em}.elementor-widget-text-editor .elementor-drop-cap{float:left;text-align:center;line-height:1;font-size:50px}.elementor-widget-text-editor .elementor-drop-cap-letter{display:inline-block}<\/style>\t\t\t\t<p><!-- wp:image {\"id\":1855} --><\/p>\n<h2><strong style=\"color: var( --e-global-color-text ); font-family: var( --e-global-typography-text-font-family ), Sans-serif;\">Programas de trabajo<\/strong><\/h2>\n<p>Las actividades en el Centro de Mediaci\u00f3n se articulan seg\u00fan los siguientes programas:<\/p>\n<p><strong>Relaciones Institucionales<\/strong><\/p>\n<p>Apunta al contacto con instituciones del \u00e1mbito p\u00fablico y privado de la ciudad ofreciendo y brindando colaboraci\u00f3n y trabajando en la difusi\u00f3n de la mediaci\u00f3n, sus ventajas y beneficios. Se realizan visitas informando sobre el funcionamiento del Centro y se entablan lazos con los colegios de profesionales, universidades, escuelas, polic\u00eda, oficinas municipales, juzgados, etc.<\/p>\n<p><strong>Difusi\u00f3n de los principios de la mediaci\u00f3n y del centro<\/strong><\/p>\n<p>En el a\u00f1o 2003, la instituci\u00f3n de la mediaci\u00f3n era pr\u00e1cticamente desconocida en la ciudad. Es por eso que desde el primer momento se realiz\u00f3 una intensa campa\u00f1a de difusi\u00f3n, que consisti\u00f3 en visitas a todas las comisar\u00edas y centros de salud de la ciudad, contactos con instituciones, comisiones vecinales, oficinas municipales, etc. La tarea se ha continuado en el tiempo.<\/p>\n<p>Con la intenci\u00f3n de profundizar y expandir el conocimiento del instituto y sus beneficios se busca una presencia constante en los diferentes medios de la ciudad. Se distribuyen afiches y volantes en escuelas y comisiones vecinales, y se aprovechan todos los espacios disponibles para hacer conocer la mediaci\u00f3n.<\/p>\n<p><strong>\u00a0<\/strong><\/p>\n<p><strong>Docencia, capacitaci\u00f3n y actualizaci\u00f3n<\/strong><\/p>\n<p>Se trata de un \u00e1rea de trabajo intenso en el Centro<\/p>\n<p>Por un lado, como parte del programa de\u00a0<strong>\u201cDifusi\u00f3n y capacitaci\u00f3n hacia la comunidad\u201d<\/strong>\u00a0se dedica a la realizaci\u00f3n de talleres con docentes o alumnos en las escuelas u otras instituciones (por ej, polic\u00eda, oficinas municipales) sobre \u201cConflicto y comunicaci\u00f3n\u201d para aportar a una mejor convivencia.<\/p>\n<p>Desde el inicio de este programa, en junio de 2004 se han realizado aproximadamente\u00a0<em>setenta y cinco talleres, con la asistencia de m\u00e1s de dos mil doscientos participantes<\/em><\/p>\n<p>\u00a0<\/p>\n<p>El \u00e1rea de Capacitaci\u00f3n se encarga asimismo de la\u00a0<strong>actualizaci\u00f3n y formaci\u00f3n permanente de los mediadores del Registro<\/strong>, lo que incluye las Reuniones Mensuales de Intercambio de Experiencias, los Talleres de Reflexi\u00f3n (trimestrales) y el Curso de Actualizaci\u00f3n Anual (20 horas de duraci\u00f3n), con docentes de experiencia contratados especialmente.<\/p>\n<p><strong>Red de mediadores comunitarios<\/strong><\/p>\n<p>El proyecto consiste en la conformaci\u00f3n de una red de mediaci\u00f3n en la ciudad, compuesta por nodos o focos distribuidos en diferentes zonas geogr\u00e1ficas, extendiendo el dispositivo y acerc\u00e1ndolo a los vecinos, incorporando nuevos actores y espacios habilitados y comprometidos con la resoluci\u00f3n pac\u00edfica de conflictos.<\/p>\n<p>\u00a0<\/p>\n<p><strong>\u00a0<\/strong><\/p>\n<p><!-- \/wp:paragraph --><\/p>\t\t\t\t\t\t<\/div>\n\t\t\t\t<\/div>\n\t\t\t\t\t<\/div>\n\t\t<\/div>\n\t\t\t\t\t\t\t<\/div>\n\t\t<\/section>\n\t\t\t\t\t\t\t<\/div>\n\t\t","protected":false},"excerpt":{"rendered":"","protected":false},"author":1,"featured_media":0,"parent":2019,"menu_order":0,"comment_status":"closed","ping_status":"closed","template":"elementor_canvas","meta":{"om_disable_all_campaigns":false,"_monsterinsights_skip_tracking":false,"_monsterinsights_sitenote_active":false,"_monsterinsights_sitenote_note":"","_monsterinsights_sitenote_category":0},"_links":{"self":[{"href":"https:\/\/defensoriaparana.com.ar\/index.php\/wp-json\/wp\/v2\/pages\/2027"}],"collection":[{"href":"https:\/\/defensoriaparana.com.ar\/index.php\/wp-json\/wp\/v2\/pages"}],"about":[{"href":"https:\/\/defensoriaparana.com.ar\/index.php\/wp-json\/wp\/v2\/types\/page"}],"author":[{"embeddable":true,"href":"https:\/\/defensoriaparana.com.ar\/index.php\/wp-json\/wp\/v2\/users\/1"}],"replies":[{"embeddable":true,"href":"https:\/\/defensoriaparana.com.ar\/index.php\/wp-json\/wp\/v2\/comments?post=2027"}],"version-history":[{"count":10,"href":"https:\/\/defensoriaparana.com.ar\/index.php\/wp-json\/wp\/v2\/pages\/2027\/revisions"}],"predecessor-version":[{"id":4149,"href":"https:\/\/defensoriaparana.com.ar\/index.php\/wp-json\/wp\/v2\/pages\/2027\/revisions\/4149"}],"up":[{"embeddable":true,"href":"https:\/\/defensoriaparana.com.ar\/index.php\/wp-json\/wp\/v2\/pages\/2019"}],"wp:attachment":[{"href":"https:\/\/defensoriaparana.com.ar\/index.php\/wp-json\/wp\/v2\/media?parent=2027"}],"curies":[{"name":"wp","href":"https:\/\/api.w.org\/{rel}","templated":true}]}}

<div data-elementor-type="wp-page" data-elementor-id="2027" class="elementor elementor-2027">
									<section class="elementor-section elementor-top-section elementor-element elementor-element-bc56e97 elementor-section-boxed elementor-section-height-default elementor-section-height-default wpr-particle-no wpr-jarallax-no wpr-parallax-no wpr-sticky-section-no" data-id="bc56e97" data-element_type="section">
						<div class="elementor-container elementor-column-gap-default">
					<div class="elementor-column elementor-col-100 elementor-top-column elementor-element elementor-element-27ccfbd" data-id="27ccfbd" data-element_type="column">
			<div class="elementor-widget-wrap elementor-element-populated">
								<div class="elementor-element elementor-element-9bdf140 elementor-widget elementor-widget-text-editor" data-id="9bdf140" data-element_type="widget" data-widget_type="text-editor.default">
				<div class="elementor-widget-container">
			<style>/*! elementor - v3.6.5 - 27-04-2022 */
.elementor-widget-text-editor.elementor-drop-cap-view-stacked .elementor-drop-cap{background-color:#818a91;color:#fff}.elementor-widget-text-editor.elementor-drop-cap-view-framed .elementor-drop-cap{color:#818a91;border:3px solid;background-color:transparent}.elementor-widget-text-editor:not(.elementor-drop-cap-view-default) .elementor-drop-cap{margin-top:8px}.elementor-widget-text-editor:not(.elementor-drop-cap-view-default) .elementor-drop-cap-letter{width:1em;height:1em}.elementor-widget-text-editor .elementor-drop-cap{float:left;text-align:center;line-height:1;font-size:50px}.elementor-widget-text-editor .elementor-drop-cap-letter{display:inline-block}</style>				<p><!-- wp:image {"id":1855} --></p>
<h2><strong style="color: var( --e-global-color-text ); font-family: var( --e-global-typography-text-font-family ), Sans-serif;">Programas de trabajo</strong></h2>
<p>Las actividades en el Centro de Mediación se articulan según los siguientes programas:</p>
<p><strong>Relaciones Institucionales</strong></p>
<p>Apunta al contacto con instituciones del ámbito público y privado de la ciudad ofreciendo y brindando colaboración y trabajando en la difusión de la mediación, sus ventajas y beneficios. Se realizan visitas informando sobre el funcionamiento del Centro y se entablan lazos con los colegios de profesionales, universidades, escuelas, policía, oficinas municipales, juzgados, etc.</p>
<p><strong>Difusión de los principios de la mediación y del centro</strong></p>
<p>En el año 2003, la institución de la mediación era prácticamente desconocida en la ciudad. Es por eso que desde el primer momento se realizó una intensa campaña de difusión, que consistió en visitas a todas las comisarías y centros de salud de la ciudad, contactos con instituciones, comisiones vecinales, oficinas municipales, etc. La tarea se ha continuado en el tiempo.</p>
<p>Con la intención de profundizar y expandir el conocimiento del instituto y sus beneficios se busca una presencia constante en los diferentes medios de la ciudad. Se distribuyen afiches y volantes en escuelas y comisiones vecinales, y se aprovechan todos los espacios disponibles para hacer conocer la mediación.</p>
<p><strong> </strong></p>
<p><strong>Docencia, capacitación y actualización</strong></p>
<p>Se trata de un área de trabajo intenso en el Centro</p>
<p>Por un lado, como parte del programa de <strong>“Difusión y capacitación hacia la comunidad”</strong> se dedica a la realización de talleres con docentes o alumnos en las escuelas u otras instituciones (por ej, policía, oficinas municipales) sobre “Conflicto y comunicación” para aportar a una mejor convivencia.</p>
<p>Desde el inicio de este programa, en junio de 2004 se han realizado aproximadamente <em>setenta y cinco talleres, con la asistencia de más de dos mil doscientos participantes</em></p>
<p> </p>
<p>El área de Capacitación se encarga asimismo de la <strong>actualización y formación permanente de los mediadores del Registro</strong>, lo que incluye las Reuniones Mensuales de Intercambio de Experiencias, los Talleres de Reflexión (trimestrales) y el Curso de Actualización Anual (20 horas de duración), con docentes de experiencia contratados especialmente.</p>
<p><strong>Red de mediadores comunitarios</strong></p>
<p>El proyecto consiste en la conformación de una red de mediación en la ciudad, compuesta por nodos o focos distribuidos en diferentes zonas geográficas, extendiendo el dispositivo y acercándolo a los vecinos, incorporando nuevos actores y espacios habilitados y comprometidos con la resolución pacífica de conflictos.</p>
<p> </p>
<p><strong> </strong></p>
<p><!-- /wp:paragraph --></p>						</div>
				</div>
					</div>
		</div>
							</div>
		</section>
							</div>
