{"id":2037,"date":"2022-07-09T13:02:43","date_gmt":"2022-07-09T13:02:43","guid":{"rendered":"http:\/\/defensoriaparana.com.ar\/?page_id=2037"},"modified":"2026-03-03T14:30:39","modified_gmt":"2026-03-03T14:30:39","slug":"registro-de-mediadores","status":"publish","type":"page","link":"https:\/\/defensoriaparana.com.ar\/index.php\/centro-de-mediacion-2\/registro-de-mediadores\/","title":{"rendered":"Registro de mediadoras y mediadores comunitarios"},"content":{"rendered":"\t\t<div data-elementor-type=\"wp-page\" data-elementor-id=\"2037\" class=\"elementor elementor-2037\">\n\t\t\t\t\t\t\t\t\t<section class=\"elementor-section elementor-top-section elementor-element elementor-element-e8e2cc3 elementor-section-boxed elementor-section-height-default elementor-section-height-default wpr-particle-no wpr-jarallax-no wpr-parallax-no wpr-sticky-section-no\" data-id=\"e8e2cc3\" data-element_type=\"section\">\n\t\t\t\t\t\t<div class=\"elementor-container elementor-column-gap-default\">\n\t\t\t\t\t<div class=\"elementor-column elementor-col-100 elementor-top-column elementor-element elementor-element-a1d2305\" data-id=\"a1d2305\" data-element_type=\"column\">\n\t\t\t<div class=\"elementor-widget-wrap elementor-element-populated\">\n\t\t\t\t\t\t\t\t<div class=\"elementor-element elementor-element-4693c41 elementor-widget elementor-widget-text-editor\" data-id=\"4693c41\" data-element_type=\"widget\" data-widget_type=\"text-editor.default\">\n\t\t\t\t<div class=\"elementor-widget-container\">\n\t\t\t<style>\/*! elementor - v3.6.5 - 27-04-2022 *\/\n.elementor-widget-text-editor.elementor-drop-cap-view-stacked .elementor-drop-cap{background-color:#818a91;color:#fff}.elementor-widget-text-editor.elementor-drop-cap-view-framed .elementor-drop-cap{color:#818a91;border:3px solid;background-color:transparent}.elementor-widget-text-editor:not(.elementor-drop-cap-view-default) .elementor-drop-cap{margin-top:8px}.elementor-widget-text-editor:not(.elementor-drop-cap-view-default) .elementor-drop-cap-letter{width:1em;height:1em}.elementor-widget-text-editor .elementor-drop-cap{float:left;text-align:center;line-height:1;font-size:50px}.elementor-widget-text-editor .elementor-drop-cap-letter{display:inline-block}<\/style>\t\t\t\t<p><!-- wp:image {\"id\":1855} --><\/p>\n<h2><strong style=\"color: var( --e-global-color-text ); font-family: var( --e-global-typography-text-font-family ), Sans-serif;\">Integrantes del Registro de mediadoras y mediadores\u00a0<\/strong><\/h2>\n<p>\u00a0<\/p>\n<p>En el mes de noviembre\u00a0de cada a\u00f1o\u00a0se convoca a la inscripci\u00f3n al Registro de Mediadores Comunitarios. Esta inscripci\u00f3n implica una actividad ad honorem para quienes, con un enorme compromiso, brindan su tiempo y su experiencia para colaborar con la ciudadan\u00eda en la resoluci\u00f3n pac\u00edfica de conflictos de convivencia.<\/p>\n<p>Cada a\u00f1o aumenta el n\u00famero de personas que se incorporan al Registro, as\u00ed como se mantiene una cantidad importante de quienes renuevan su participaci\u00f3n. Hay quienes est\u00e1n\u00a0 desde el inicio de la n\u00f3mina.<\/p>\n<p>Los integrantes del Registro son siempre convocados en parejas de co-mediaci\u00f3n, y se trabaja de manera interdisciplinaria. Si bien se realiza un sorteo de \u201corden del Registro\u201d, \u00e9ste opera a manera de gu\u00eda flexible, ya que se tienen en consideraci\u00f3n las posibilidades de horarios de los integrantes, la actuaci\u00f3n de mediadores noveles junto a colegas de mayor experiencia, as\u00ed como las particulares caracter\u00edsticas de los casos a mediar.<\/p>\n<p>Adem\u00e1s de las mediaciones, las actividades para quienes median incluyen las reuniones mensuales de intercambio de experiencias, los talleres de reflexi\u00f3n trimestrales y la capacitaci\u00f3n anual de 20 horas.<\/p>\n<p>En ocasiones tambi\u00e9n las personas que conforman el Registro colaboran en otras actividades del Centro, como los talleres hacia la comunidad, reuniones institucionales o apariciones en los medios de difusi\u00f3n locales.<\/p>\n<p>\u00a0<\/p>\n<p><strong>Listado actual del Registro<\/strong><\/p>\n<p>Para inscribirse en el registro es necesario contar con estudios secundarios completos, t\u00edtulo en mediaci\u00f3n expedido por una instituci\u00f3n capacitadora autorizada por el Ministerio de Justicia de la Naci\u00f3n y 20 horas de actualizaci\u00f3n. En tanto, para la re-inscripci\u00f3n se debe haber asistido -adem\u00e1s del curso de actualizaci\u00f3n anual-, al menos, a 2 de los 4 Talleres de Reflexi\u00f3n del Centro.<\/p>\n<p>\u00a0<\/p>\n<p><strong>\u00a0<\/strong><\/p>\n<p><strong>REGISTRO DE MEDIADORES COMUNITARIOS VOLUNTARIOS 2026<\/strong><\/p>\n<p>\u00a0<\/p>\n<table width=\"716\">\n<tbody>\n<tr>\n<td width=\"166\">\n<p><strong>NOMBRE Y APELLIDO<\/strong><\/p>\n<\/td>\n<td width=\"196\">\n<p>C\u00d3RDOBA Romina<\/p>\n<\/td>\n<td width=\"193\">\n<p>NENNA Paula<\/p>\n<\/td>\n<td width=\"160\">\n<p>SCHURLEIN Gabriela<\/p>\n<\/td>\n<\/tr>\n<tr>\n<td width=\"166\">\n<p>ABELLA Ernesto<\/p>\n<\/td>\n<td width=\"196\">\n<p>DEN DAUW Andrea<\/p>\n<\/td>\n<td width=\"193\">\n<p>PADUAN Laura<\/p>\n<\/td>\n<td width=\"160\">\n<p>SCIPIONE\u00a0 Carina<\/p>\n<\/td>\n<\/tr>\n<tr>\n<td width=\"166\">\n<p>ALBORNOZ Florencia<\/p>\n<\/td>\n<td width=\"196\">\n<p>ESPINDOLA Mart\u00edn<\/p>\n<\/td>\n<td width=\"193\">\n<p>PAYER Laura<\/p>\n<\/td>\n<td width=\"160\">\n<p>SCHAMNE Luz Bel\u00e9n<\/p>\n<\/td>\n<\/tr>\n<tr>\n<td width=\"166\">\n<p>ALVAREZ STREITENBERGER. Marcia<\/p>\n<\/td>\n<td width=\"196\">\n<p>FAZZARI Eliana<\/p>\n<\/td>\n<td width=\"193\">\n<p>PEIRANO Melania<\/p>\n<\/td>\n<td width=\"160\">\n<p>SERRA Norma<\/p>\n<\/td>\n<\/tr>\n<tr>\n<td width=\"166\">\n<p>ARANGUREN Silvia<\/p>\n<\/td>\n<td width=\"196\">\n<p>FERN\u00c1NDEZ M\u00c1NTARAS Gabriela<\/p>\n<\/td>\n<td width=\"193\">\n<p>PETRELLA Norman\u00a0<\/p>\n<\/td>\n<td width=\"160\">\n<p>SIMARRO Mariana<\/p>\n<\/td>\n<\/tr>\n<tr>\n<td width=\"166\">\n<p>AVACA Alejandra<\/p>\n<\/td>\n<td width=\"196\">\n<p>GARAY Lorena<\/p>\n<\/td>\n<td width=\"193\">\n<p>PERALTA Nehuen<\/p>\n<\/td>\n<td width=\"160\">\n<p>SOLANAS Sol Mar\u00eda<\/p>\n<\/td>\n<\/tr>\n<tr>\n<td width=\"166\">\n<p>AVELLANEDA M. Luz\u00a0 (provisoria)<\/p>\n<\/td>\n<td width=\"196\">\n<p>GIACHELLO Candelaria<\/p>\n<\/td>\n<td width=\"193\">\n<p>PEREYRA Anibal<\/p>\n<\/td>\n<td width=\"160\">\n<p>STRADA Perla<\/p>\n<\/td>\n<\/tr>\n<tr>\n<td width=\"166\">\n<p>BERTA Camila<\/p>\n<\/td>\n<td width=\"196\">\n<p>GIMENEZ Roc\u00edo<\/p>\n<\/td>\n<td width=\"193\">\n<p>PEREYRA Flavia<\/p>\n<\/td>\n<td width=\"160\">\n<p>SUAREZ Silvina<\/p>\n<\/td>\n<\/tr>\n<tr>\n<td width=\"166\">\n<p>BIERIG Karen<\/p>\n<\/td>\n<td width=\"196\">\n<p>GIORGIO Gianluca<\/p>\n<\/td>\n<td width=\"193\">\n<p>PEREZ ROMO Mariela<\/p>\n<\/td>\n<td width=\"160\">\n<p>TONELLI Betina<\/p>\n<\/td>\n<\/tr>\n<tr>\n<td width=\"166\">\n<p>BOETSCH Gustavo<\/p>\n<\/td>\n<td width=\"196\">\n<p>GONZALEZ Roque<\/p>\n<\/td>\n<td width=\"193\">\n<p>PERLO Valentina<\/p>\n<\/td>\n<td width=\"160\">\n<p>TRECCO Georgina<\/p>\n<\/td>\n<\/tr>\n<tr>\n<td width=\"166\">\n<p>BOGAO CEPELLOTTI Milagros<\/p>\n<\/td>\n<td width=\"196\">\n<p>HOCK Natalia<\/p>\n<\/td>\n<td width=\"193\">\n<p>PONCE Celina<\/p>\n<\/td>\n<td width=\"160\">\n<p>VACA\u00a0 Mar\u00eda Emilia<\/p>\n<\/td>\n<\/tr>\n<tr>\n<td width=\"166\">\n<p>BORDA F., Daniela (provisoria)<\/p>\n<\/td>\n<td width=\"196\">\n<p>ITRIA Diana<\/p>\n<\/td>\n<td width=\"193\">\n<p>PUCHETA Laura<\/p>\n<\/td>\n<td width=\"160\">\n<p>VILCHEZ Mariela<\/p>\n<\/td>\n<\/tr>\n<tr>\n<td width=\"166\">\n<p>BORRE Julieta<\/p>\n<\/td>\n<td width=\"196\">\n<p>LORENZINI Estela<\/p>\n<\/td>\n<td width=\"193\">\n<p>RAMIREZ Adela<\/p>\n<\/td>\n<td width=\"160\">\n<p>VILLARRAZA Pamela<\/p>\n<\/td>\n<\/tr>\n<tr>\n<td width=\"166\">\n<p>BUFFA Lorena<\/p>\n<\/td>\n<td width=\"196\">\n<p>L\u00d3PEZ Claudio<\/p>\n<\/td>\n<td width=\"193\">\n<p>RAMIREZ Cristela<\/p>\n<\/td>\n<td width=\"160\">\n<p>VARELA Mariana<\/p>\n<\/td>\n<\/tr>\n<tr>\n<td width=\"166\">\n<p>BURGOS Carolina<\/p>\n<\/td>\n<td width=\"196\">\n<p>L\u00d3PEZ Marcia<\/p>\n<\/td>\n<td width=\"193\">\n<p>RAMIREZ Mario<\/p>\n<\/td>\n<td width=\"160\">\n<p>VEIGA Fernando<\/p>\n<\/td>\n<\/tr>\n<tr>\n<td width=\"166\">\n<p>CALCINA Carla<\/p>\n<\/td>\n<td width=\"196\">\n<p>LUNA Mat\u00edas<\/p>\n<\/td>\n<td width=\"193\">\n<p>RAMOS Carina<\/p>\n<\/td>\n<td width=\"160\">\n<p>WILD \u00c9rica<\/p>\n<\/td>\n<\/tr>\n<tr>\n<td width=\"166\">\n<p>CALIRA Claudia<\/p>\n<\/td>\n<td width=\"196\">\n<p>MANUCCI Pedro<\/p>\n<\/td>\n<td width=\"193\">\n<p>RETTORE Alejandra<\/p>\n<\/td>\n<td width=\"160\">\n<p>AVERO Mar\u00eda Gabriela<\/p>\n<\/td>\n<\/tr>\n<tr>\n<td width=\"166\">\n<p>CAMARATA M. Carla\u00a0 (provisoria)<\/p>\n<\/td>\n<td width=\"196\">\n<p>MATTEODA Claudia<\/p>\n<\/td>\n<td width=\"193\">\n<p>REYNOSO Sof\u00eda<\/p>\n<\/td>\n<td width=\"160\">\n<p>\u00a0<\/p>\n<\/td>\n<\/tr>\n<tr>\n<td width=\"166\">\n<p>CAMPOAMOR Betty<\/p>\n<\/td>\n<td width=\"196\">\n<p>MATTEODA Florencia<\/p>\n<\/td>\n<td width=\"193\">\n<p>ROSELLINI Roc\u00edo<\/p>\n<\/td>\n<td width=\"160\">\n<p>\u00a0<\/p>\n<\/td>\n<\/tr>\n<tr>\n<td width=\"166\">\n<p>CANCIANO Silvia<\/p>\n<\/td>\n<td width=\"196\">\n<p>MERCADO Mar\u00eda Elida<\/p>\n<\/td>\n<td width=\"193\">\n<p>RODRIGUEZ TRABA Mariana<\/p>\n<\/td>\n<td width=\"160\">\n<p>\u00a0<\/p>\n<\/td>\n<\/tr>\n<tr>\n<td width=\"166\">\n<p>CARBO FERREIRA Francisco<\/p>\n<\/td>\n<td width=\"196\">\n<p>MILITELLO M. Anal\u00eda<\/p>\n<\/td>\n<td width=\"193\">\n<p>RODRIGO Milagros<\/p>\n<\/td>\n<td width=\"160\">\n<p>\u00a0<\/p>\n<\/td>\n<\/tr>\n<tr>\n<td width=\"166\">\n<p>CASTELLINI Julieta<\/p>\n<\/td>\n<td width=\"196\">\n<p>MOBILIA PLEHN Milton<\/p>\n<\/td>\n<td width=\"193\">\n<p>RUBERTO Emilio<\/p>\n<\/td>\n<td width=\"160\">\n<p>\u00a0<\/p>\n<\/td>\n<\/tr>\n<tr>\n<td width=\"166\">\n<p>CHAPARRO Leonardo<\/p>\n<\/td>\n<td width=\"196\">\n<p>MONTERO M. Celeste<\/p>\n<\/td>\n<td width=\"193\">\n<p>RUDA Elina<\/p>\n<\/td>\n<td width=\"160\">\n<p>\u00a0<\/p>\n<\/td>\n<\/tr>\n<tr>\n<td width=\"166\">\n<p>COLLADO Eugenia<\/p>\n<\/td>\n<td width=\"196\">\n<p>NEGRI J. Francisco<\/p>\n<\/td>\n<td width=\"193\">\n<p>RUIZ Justo<\/p>\n<\/td>\n<td width=\"160\">\n<p>\u00a0<\/p>\n<\/td>\n<\/tr>\n<\/tbody>\n<\/table>\n<p>\u00a0<\/p>\n<p>\u00a0<\/p>\n<p><!-- \/wp:paragraph --><\/p>\t\t\t\t\t\t<\/div>\n\t\t\t\t<\/div>\n\t\t\t\t\t<\/div>\n\t\t<\/div>\n\t\t\t\t\t\t\t<\/div>\n\t\t<\/section>\n\t\t\t\t\t\t\t<\/div>\n\t\t","protected":false},"excerpt":{"rendered":"","protected":false},"author":1,"featured_media":0,"parent":2019,"menu_order":0,"comment_status":"closed","ping_status":"closed","template":"elementor_canvas","meta":{"om_disable_all_campaigns":false,"_monsterinsights_skip_tracking":false,"_monsterinsights_sitenote_active":false,"_monsterinsights_sitenote_note":"","_monsterinsights_sitenote_category":0},"_links":{"self":[{"href":"https:\/\/defensoriaparana.com.ar\/index.php\/wp-json\/wp\/v2\/pages\/2037"}],"collection":[{"href":"https:\/\/defensoriaparana.com.ar\/index.php\/wp-json\/wp\/v2\/pages"}],"about":[{"href":"https:\/\/defensoriaparana.com.ar\/index.php\/wp-json\/wp\/v2\/types\/page"}],"author":[{"embeddable":true,"href":"https:\/\/defensoriaparana.com.ar\/index.php\/wp-json\/wp\/v2\/users\/1"}],"replies":[{"embeddable":true,"href":"https:\/\/defensoriaparana.com.ar\/index.php\/wp-json\/wp\/v2\/comments?post=2037"}],"version-history":[{"count":26,"href":"https:\/\/defensoriaparana.com.ar\/index.php\/wp-json\/wp\/v2\/pages\/2037\/revisions"}],"predecessor-version":[{"id":6748,"href":"https:\/\/defensoriaparana.com.ar\/index.php\/wp-json\/wp\/v2\/pages\/2037\/revisions\/6748"}],"up":[{"embeddable":true,"href":"https:\/\/defensoriaparana.com.ar\/index.php\/wp-json\/wp\/v2\/pages\/2019"}],"wp:attachment":[{"href":"https:\/\/defensoriaparana.com.ar\/index.php\/wp-json\/wp\/v2\/media?parent=2037"}],"curies":[{"name":"wp","href":"https:\/\/api.w.org\/{rel}","templated":true}]}}

<div data-elementor-type="wp-page" data-elementor-id="2037" class="elementor elementor-2037">
									<section class="elementor-section elementor-top-section elementor-element elementor-element-e8e2cc3 elementor-section-boxed elementor-section-height-default elementor-section-height-default wpr-particle-no wpr-jarallax-no wpr-parallax-no wpr-sticky-section-no" data-id="e8e2cc3" data-element_type="section">
						<div class="elementor-container elementor-column-gap-default">
					<div class="elementor-column elementor-col-100 elementor-top-column elementor-element elementor-element-a1d2305" data-id="a1d2305" data-element_type="column">
			<div class="elementor-widget-wrap elementor-element-populated">
								<div class="elementor-element elementor-element-4693c41 elementor-widget elementor-widget-text-editor" data-id="4693c41" data-element_type="widget" data-widget_type="text-editor.default">
				<div class="elementor-widget-container">
			<style>/*! elementor - v3.6.5 - 27-04-2022 */
.elementor-widget-text-editor.elementor-drop-cap-view-stacked .elementor-drop-cap{background-color:#818a91;color:#fff}.elementor-widget-text-editor.elementor-drop-cap-view-framed .elementor-drop-cap{color:#818a91;border:3px solid;background-color:transparent}.elementor-widget-text-editor:not(.elementor-drop-cap-view-default) .elementor-drop-cap{margin-top:8px}.elementor-widget-text-editor:not(.elementor-drop-cap-view-default) .elementor-drop-cap-letter{width:1em;height:1em}.elementor-widget-text-editor .elementor-drop-cap{float:left;text-align:center;line-height:1;font-size:50px}.elementor-widget-text-editor .elementor-drop-cap-letter{display:inline-block}</style>				<p><!-- wp:image {"id":1855} --></p>
<h2><strong style="color: var( --e-global-color-text ); font-family: var( --e-global-typography-text-font-family ), Sans-serif;">Integrantes del Registro de mediadoras y mediadores </strong></h2>
<p> </p>
<p>En el mes de noviembre de cada año se convoca a la inscripción al Registro de Mediadores Comunitarios. Esta inscripción implica una actividad ad honorem para quienes, con un enorme compromiso, brindan su tiempo y su experiencia para colaborar con la ciudadanía en la resolución pacífica de conflictos de convivencia.</p>
<p>Cada año aumenta el número de personas que se incorporan al Registro, así como se mantiene una cantidad importante de quienes renuevan su participación. Hay quienes están  desde el inicio de la nómina.</p>
<p>Los integrantes del Registro son siempre convocados en parejas de co-mediación, y se trabaja de manera interdisciplinaria. Si bien se realiza un sorteo de “orden del Registro”, éste opera a manera de guía flexible, ya que se tienen en consideración las posibilidades de horarios de los integrantes, la actuación de mediadores noveles junto a colegas de mayor experiencia, así como las particulares características de los casos a mediar.</p>
<p>Además de las mediaciones, las actividades para quienes median incluyen las reuniones mensuales de intercambio de experiencias, los talleres de reflexión trimestrales y la capacitación anual de 20 horas.</p>
<p>En ocasiones también las personas que conforman el Registro colaboran en otras actividades del Centro, como los talleres hacia la comunidad, reuniones institucionales o apariciones en los medios de difusión locales.</p>
<p> </p>
<p><strong>Listado actual del Registro</strong></p>
<p>Para inscribirse en el registro es necesario contar con estudios secundarios completos, título en mediación expedido por una institución capacitadora autorizada por el Ministerio de Justicia de la Nación y 20 horas de actualización. En tanto, para la re-inscripción se debe haber asistido -además del curso de actualización anual-, al menos, a 2 de los 4 Talleres de Reflexión del Centro.</p>
<p> </p>
<p><strong> </strong></p>
<p><strong>REGISTRO DE MEDIADORES COMUNITARIOS VOLUNTARIOS 2026</strong></p>
<p> </p>
<table width="716">
<tbody>
<tr>
<td width="166">
<p><strong>NOMBRE Y APELLIDO</strong></p>
</td>
<td width="196">
<p>CÓRDOBA Romina</p>
</td>
<td width="193">
<p>NENNA Paula</p>
</td>
<td width="160">
<p>SCHURLEIN Gabriela</p>
</td>
</tr>
<tr>
<td width="166">
<p>ABELLA Ernesto</p>
</td>
<td width="196">
<p>DEN DAUW Andrea</p>
</td>
<td width="193">
<p>PADUAN Laura</p>
</td>
<td width="160">
<p>SCIPIONE  Carina</p>
</td>
</tr>
<tr>
<td width="166">
<p>ALBORNOZ Florencia</p>
</td>
<td width="196">
<p>ESPINDOLA Martín</p>
</td>
<td width="193">
<p>PAYER Laura</p>
</td>
<td width="160">
<p>SCHAMNE Luz Belén</p>
</td>
</tr>
<tr>
<td width="166">
<p>ALVAREZ STREITENBERGER. Marcia</p>
</td>
<td width="196">
<p>FAZZARI Eliana</p>
</td>
<td width="193">
<p>PEIRANO Melania</p>
</td>
<td width="160">
<p>SERRA Norma</p>
</td>
</tr>
<tr>
<td width="166">
<p>ARANGUREN Silvia</p>
</td>
<td width="196">
<p>FERNÁNDEZ MÁNTARAS Gabriela</p>
</td>
<td width="193">
<p>PETRELLA Norman </p>
</td>
<td width="160">
<p>SIMARRO Mariana</p>
</td>
</tr>
<tr>
<td width="166">
<p>AVACA Alejandra</p>
</td>
<td width="196">
<p>GARAY Lorena</p>
</td>
<td width="193">
<p>PERALTA Nehuen</p>
</td>
<td width="160">
<p>SOLANAS Sol María</p>
</td>
</tr>
<tr>
<td width="166">
<p>AVELLANEDA M. Luz  (provisoria)</p>
</td>
<td width="196">
<p>GIACHELLO Candelaria</p>
</td>
<td width="193">
<p>PEREYRA Anibal</p>
</td>
<td width="160">
<p>STRADA Perla</p>
</td>
</tr>
<tr>
<td width="166">
<p>BERTA Camila</p>
</td>
<td width="196">
<p>GIMENEZ Rocío</p>
</td>
<td width="193">
<p>PEREYRA Flavia</p>
</td>
<td width="160">
<p>SUAREZ Silvina</p>
</td>
</tr>
<tr>
<td width="166">
<p>BIERIG Karen</p>
</td>
<td width="196">
<p>GIORGIO Gianluca</p>
</td>
<td width="193">
<p>PEREZ ROMO Mariela</p>
</td>
<td width="160">
<p>TONELLI Betina</p>
</td>
</tr>
<tr>
<td width="166">
<p>BOETSCH Gustavo</p>
</td>
<td width="196">
<p>GONZALEZ Roque</p>
</td>
<td width="193">
<p>PERLO Valentina</p>
</td>
<td width="160">
<p>TRECCO Georgina</p>
</td>
</tr>
<tr>
<td width="166">
<p>BOGAO CEPELLOTTI Milagros</p>
</td>
<td width="196">
<p>HOCK Natalia</p>
</td>
<td width="193">
<p>PONCE Celina</p>
</td>
<td width="160">
<p>VACA  María Emilia</p>
</td>
</tr>
<tr>
<td width="166">
<p>BORDA F., Daniela (provisoria)</p>
</td>
<td width="196">
<p>ITRIA Diana</p>
</td>
<td width="193">
<p>PUCHETA Laura</p>
</td>
<td width="160">
<p>VILCHEZ Mariela</p>
</td>
</tr>
<tr>
<td width="166">
<p>BORRE Julieta</p>
</td>
<td width="196">
<p>LORENZINI Estela</p>
</td>
<td width="193">
<p>RAMIREZ Adela</p>
</td>
<td width="160">
<p>VILLARRAZA Pamela</p>
</td>
</tr>
<tr>
<td width="166">
<p>BUFFA Lorena</p>
</td>
<td width="196">
<p>LÓPEZ Claudio</p>
</td>
<td width="193">
<p>RAMIREZ Cristela</p>
</td>
<td width="160">
<p>VARELA Mariana</p>
</td>
</tr>
<tr>
<td width="166">
<p>BURGOS Carolina</p>
</td>
<td width="196">
<p>LÓPEZ Marcia</p>
</td>
<td width="193">
<p>RAMIREZ Mario</p>
</td>
<td width="160">
<p>VEIGA Fernando</p>
</td>
</tr>
<tr>
<td width="166">
<p>CALCINA Carla</p>
</td>
<td width="196">
<p>LUNA Matías</p>
</td>
<td width="193">
<p>RAMOS Carina</p>
</td>
<td width="160">
<p>WILD Érica</p>
</td>
</tr>
<tr>
<td width="166">
<p>CALIRA Claudia</p>
</td>
<td width="196">
<p>MANUCCI Pedro</p>
</td>
<td width="193">
<p>RETTORE Alejandra</p>
</td>
<td width="160">
<p>AVERO María Gabriela</p>
</td>
</tr>
<tr>
<td width="166">
<p>CAMARATA M. Carla  (provisoria)</p>
</td>
<td width="196">
<p>MATTEODA Claudia</p>
</td>
<td width="193">
<p>REYNOSO Sofía</p>
</td>
<td width="160">
<p> </p>
</td>
</tr>
<tr>
<td width="166">
<p>CAMPOAMOR Betty</p>
</td>
<td width="196">
<p>MATTEODA Florencia</p>
</td>
<td width="193">
<p>ROSELLINI Rocío</p>
</td>
<td width="160">
<p> </p>
</td>
</tr>
<tr>
<td width="166">
<p>CANCIANO Silvia</p>
</td>
<td width="196">
<p>MERCADO María Elida</p>
</td>
<td width="193">
<p>RODRIGUEZ TRABA Mariana</p>
</td>
<td width="160">
<p> </p>
</td>
</tr>
<tr>
<td width="166">
<p>CARBO FERREIRA Francisco</p>
</td>
<td width="196">
<p>MILITELLO M. Analía</p>
</td>
<td width="193">
<p>RODRIGO Milagros</p>
</td>
<td width="160">
<p> </p>
</td>
</tr>
<tr>
<td width="166">
<p>CASTELLINI Julieta</p>
</td>
<td width="196">
<p>MOBILIA PLEHN Milton</p>
</td>
<td width="193">
<p>RUBERTO Emilio</p>
</td>
<td width="160">
<p> </p>
</td>
</tr>
<tr>
<td width="166">
<p>CHAPARRO Leonardo</p>
</td>
<td width="196">
<p>MONTERO M. Celeste</p>
</td>
<td width="193">
<p>RUDA Elina</p>
</td>
<td width="160">
<p> </p>
</td>
</tr>
<tr>
<td width="166">
<p>COLLADO Eugenia</p>
</td>
<td width="196">
<p>NEGRI J. Francisco</p>
</td>
<td width="193">
<p>RUIZ Justo</p>
</td>
<td width="160">
<p> </p>
</td>
</tr>
</tbody>
</table>
<p> </p>
<p> </p>
<p><!-- /wp:paragraph --></p>						</div>
				</div>
					</div>
		</div>
							</div>
		</section>
							</div>
