{"id":2584,"date":"2022-07-28T21:23:12","date_gmt":"2022-07-28T21:23:12","guid":{"rendered":"http:\/\/defensoriaparana.com.ar\/?page_id=2584"},"modified":"2024-11-22T13:04:03","modified_gmt":"2024-11-22T13:04:03","slug":"creacion","status":"publish","type":"page","link":"https:\/\/defensoriaparana.com.ar\/index.php\/personas-mayores\/creacion\/","title":{"rendered":"Creaci\u00f3n"},"content":{"rendered":"\t\t<div data-elementor-type=\"wp-page\" data-elementor-id=\"2584\" class=\"elementor elementor-2584\">\n\t\t\t\t\t\t\t\t\t<section class=\"elementor-section elementor-top-section elementor-element elementor-element-3dd7989 elementor-section-boxed elementor-section-height-default elementor-section-height-default wpr-particle-no wpr-jarallax-no wpr-parallax-no wpr-sticky-section-no\" data-id=\"3dd7989\" data-element_type=\"section\">\n\t\t\t\t\t\t<div class=\"elementor-container elementor-column-gap-default\">\n\t\t\t\t\t<div class=\"elementor-column elementor-col-100 elementor-top-column elementor-element elementor-element-6dd2013\" data-id=\"6dd2013\" data-element_type=\"column\">\n\t\t\t<div class=\"elementor-widget-wrap elementor-element-populated\">\n\t\t\t\t\t\t\t\t<div class=\"elementor-element elementor-element-061c289 elementor-widget elementor-widget-text-editor\" data-id=\"061c289\" data-element_type=\"widget\" data-widget_type=\"text-editor.default\">\n\t\t\t\t<div class=\"elementor-widget-container\">\n\t\t\t<style>\/*! elementor - v3.6.5 - 27-04-2022 *\/\n.elementor-widget-text-editor.elementor-drop-cap-view-stacked .elementor-drop-cap{background-color:#818a91;color:#fff}.elementor-widget-text-editor.elementor-drop-cap-view-framed .elementor-drop-cap{color:#818a91;border:3px solid;background-color:transparent}.elementor-widget-text-editor:not(.elementor-drop-cap-view-default) .elementor-drop-cap{margin-top:8px}.elementor-widget-text-editor:not(.elementor-drop-cap-view-default) .elementor-drop-cap-letter{width:1em;height:1em}.elementor-widget-text-editor .elementor-drop-cap{float:left;text-align:center;line-height:1;font-size:50px}.elementor-widget-text-editor .elementor-drop-cap-letter{display:inline-block}<\/style>\t\t\t\t<p><!-- wp:image {\"id\":1855} --><\/p>\n<h2><strong>Creaci\u00f3n<\/strong><\/h2>\n<h6>La figura de la Defensor\u00eda de los Derechos de las Personas Mayores fue creada en el \u00e1mbito de la Defensor\u00eda del Pueblo mediante la ordenanza N\u00b0 9389, sancionada en abril de 2016.\u00a0<\/h6>\n<h6>La norma fue instrumentada el primero de octubre de 2020 y la Lic.\u00a0<span style=\"color: var( --e-global-color-text ); font-family: var( --e-global-typography-text-font-family ), Sans-serif; font-size: 1rem;\">Ligia Blanco\u00a0<\/span><span style=\"color: inherit; font-family: inherit; font-size: 1rem;\">fue designada por el Concejo Deliberante como titular del \u00e1rea.<\/span><\/h6>\n<p><img loading=\"lazy\" src=\"http:\/\/defensoriaparana.com.ar\/wp-content\/uploads\/2024\/10\/b_1600256079-e1728480539770-150x150.jpg\" alt=\"\" width=\"150\" height=\"150\" \/><\/p>\n<p><strong>Ligia Blanco<\/strong>\u00a0es Licenciada en Psicolog\u00eda y t\u00e9cnica en Psicogerontolog\u00eda por la Universidad Aut\u00f3noma de Entre R\u00edos (UADER). Es diplomada en Abordaje Cl\u00ednico y Social de Discapacidad por la Universidad Cat\u00f3lica (UCA) de Santa Fe y cuenta con un posgrado en Adicciones: Curso Introductorio a los Consumos Problem\u00e1ticos.<\/p>\n<p><!-- \/wp:paragraph --><\/p>\t\t\t\t\t\t<\/div>\n\t\t\t\t<\/div>\n\t\t\t\t\t<\/div>\n\t\t<\/div>\n\t\t\t\t\t\t\t<\/div>\n\t\t<\/section>\n\t\t\t\t\t\t\t<\/div>\n\t\t","protected":false},"excerpt":{"rendered":"","protected":false},"author":1,"featured_media":0,"parent":2606,"menu_order":0,"comment_status":"closed","ping_status":"closed","template":"elementor_canvas","meta":{"om_disable_all_campaigns":false,"_monsterinsights_skip_tracking":false,"_monsterinsights_sitenote_active":false,"_monsterinsights_sitenote_note":"","_monsterinsights_sitenote_category":0},"_links":{"self":[{"href":"https:\/\/defensoriaparana.com.ar\/index.php\/wp-json\/wp\/v2\/pages\/2584"}],"collection":[{"href":"https:\/\/defensoriaparana.com.ar\/index.php\/wp-json\/wp\/v2\/pages"}],"about":[{"href":"https:\/\/defensoriaparana.com.ar\/index.php\/wp-json\/wp\/v2\/types\/page"}],"author":[{"embeddable":true,"href":"https:\/\/defensoriaparana.com.ar\/index.php\/wp-json\/wp\/v2\/users\/1"}],"replies":[{"embeddable":true,"href":"https:\/\/defensoriaparana.com.ar\/index.php\/wp-json\/wp\/v2\/comments?post=2584"}],"version-history":[{"count":31,"href":"https:\/\/defensoriaparana.com.ar\/index.php\/wp-json\/wp\/v2\/pages\/2584\/revisions"}],"predecessor-version":[{"id":5456,"href":"https:\/\/defensoriaparana.com.ar\/index.php\/wp-json\/wp\/v2\/pages\/2584\/revisions\/5456"}],"up":[{"embeddable":true,"href":"https:\/\/defensoriaparana.com.ar\/index.php\/wp-json\/wp\/v2\/pages\/2606"}],"wp:attachment":[{"href":"https:\/\/defensoriaparana.com.ar\/index.php\/wp-json\/wp\/v2\/media?parent=2584"}],"curies":[{"name":"wp","href":"https:\/\/api.w.org\/{rel}","templated":true}]}}

Creación

<div data-elementor-type="wp-page" data-elementor-id="2584" class="elementor elementor-2584">
									<section class="elementor-section elementor-top-section elementor-element elementor-element-3dd7989 elementor-section-boxed elementor-section-height-default elementor-section-height-default wpr-particle-no wpr-jarallax-no wpr-parallax-no wpr-sticky-section-no" data-id="3dd7989" data-element_type="section">
						<div class="elementor-container elementor-column-gap-default">
					<div class="elementor-column elementor-col-100 elementor-top-column elementor-element elementor-element-6dd2013" data-id="6dd2013" data-element_type="column">
			<div class="elementor-widget-wrap elementor-element-populated">
								<div class="elementor-element elementor-element-061c289 elementor-widget elementor-widget-text-editor" data-id="061c289" data-element_type="widget" data-widget_type="text-editor.default">
				<div class="elementor-widget-container">
			<style>/*! elementor - v3.6.5 - 27-04-2022 */
.elementor-widget-text-editor.elementor-drop-cap-view-stacked .elementor-drop-cap{background-color:#818a91;color:#fff}.elementor-widget-text-editor.elementor-drop-cap-view-framed .elementor-drop-cap{color:#818a91;border:3px solid;background-color:transparent}.elementor-widget-text-editor:not(.elementor-drop-cap-view-default) .elementor-drop-cap{margin-top:8px}.elementor-widget-text-editor:not(.elementor-drop-cap-view-default) .elementor-drop-cap-letter{width:1em;height:1em}.elementor-widget-text-editor .elementor-drop-cap{float:left;text-align:center;line-height:1;font-size:50px}.elementor-widget-text-editor .elementor-drop-cap-letter{display:inline-block}</style>				<p><!-- wp:image {"id":1855} --></p>
<h2><strong>Creación</strong></h2>
<h6>La figura de la Defensoría de los Derechos de las Personas Mayores fue creada en el ámbito de la Defensoría del Pueblo mediante la ordenanza N° 9389, sancionada en abril de 2016. </h6>
<h6>La norma fue instrumentada el primero de octubre de 2020 y la Lic. <span style="color: var( --e-global-color-text ); font-family: var( --e-global-typography-text-font-family ), Sans-serif; font-size: 1rem;">Ligia Blanco </span><span style="color: inherit; font-family: inherit; font-size: 1rem;">fue designada por el Concejo Deliberante como titular del área.</span></h6>
<p><img loading="lazy" src="http://defensoriaparana.com.ar/wp-content/uploads/2024/10/b_1600256079-e1728480539770-150x150.jpg" alt="" width="150" height="150" /></p>
<p><strong>Ligia Blanco</strong> es Licenciada en Psicología y técnica en Psicogerontología por la Universidad Autónoma de Entre Ríos (UADER). Es diplomada en Abordaje Clínico y Social de Discapacidad por la Universidad Católica (UCA) de Santa Fe y cuenta con un posgrado en Adicciones: Curso Introductorio a los Consumos Problemáticos.</p>
<p><!-- /wp:paragraph --></p>						</div>
				</div>
					</div>
		</div>
							</div>
		</section>
							</div>
