{"id":2593,"date":"2022-07-28T21:47:03","date_gmt":"2022-07-28T21:47:03","guid":{"rendered":"http:\/\/defensoriaparana.com.ar\/?page_id=2593"},"modified":"2023-01-16T13:44:15","modified_gmt":"2023-01-16T13:44:15","slug":"objetivos","status":"publish","type":"page","link":"https:\/\/defensoriaparana.com.ar\/index.php\/personas-mayores\/objetivos\/","title":{"rendered":"Objetivos"},"content":{"rendered":"\t\t<div data-elementor-type=\"wp-page\" data-elementor-id=\"2593\" class=\"elementor elementor-2593\">\n\t\t\t\t\t\t\t\t\t<section class=\"elementor-section elementor-top-section elementor-element elementor-element-287e5b4 elementor-section-boxed elementor-section-height-default elementor-section-height-default wpr-particle-no wpr-jarallax-no wpr-parallax-no wpr-sticky-section-no\" data-id=\"287e5b4\" data-element_type=\"section\">\n\t\t\t\t\t\t<div class=\"elementor-container elementor-column-gap-default\">\n\t\t\t\t\t<div class=\"elementor-column elementor-col-100 elementor-top-column elementor-element elementor-element-5418ef3\" data-id=\"5418ef3\" data-element_type=\"column\">\n\t\t\t<div class=\"elementor-widget-wrap elementor-element-populated\">\n\t\t\t\t\t\t\t\t<div class=\"elementor-element elementor-element-9261a7d elementor-widget elementor-widget-text-editor\" data-id=\"9261a7d\" data-element_type=\"widget\" data-widget_type=\"text-editor.default\">\n\t\t\t\t<div class=\"elementor-widget-container\">\n\t\t\t<style>\/*! elementor - v3.6.5 - 27-04-2022 *\/\n.elementor-widget-text-editor.elementor-drop-cap-view-stacked .elementor-drop-cap{background-color:#818a91;color:#fff}.elementor-widget-text-editor.elementor-drop-cap-view-framed .elementor-drop-cap{color:#818a91;border:3px solid;background-color:transparent}.elementor-widget-text-editor:not(.elementor-drop-cap-view-default) .elementor-drop-cap{margin-top:8px}.elementor-widget-text-editor:not(.elementor-drop-cap-view-default) .elementor-drop-cap-letter{width:1em;height:1em}.elementor-widget-text-editor .elementor-drop-cap{float:left;text-align:center;line-height:1;font-size:50px}.elementor-widget-text-editor .elementor-drop-cap-letter{display:inline-block}<\/style>\t\t\t\t<p><!-- wp:image {\"id\":1855} --><\/p>\n<h2><strong>Objetivos<\/strong><\/h2>\n<h6><strong>El objetivo fundamental de la Defensor\u00eda consiste en velar por &#8220;la defensa y protecci\u00f3n de los derechos de las personas mayores, reconocidos por la Constituci\u00f3n Nacional, Tratados Internacionales, Constituci\u00f3n Provincial y normas complementarias, ante actos, hechos, y omisiones de la administraci\u00f3n p\u00fablica, como de situaciones derivadas de entidades o personas de la sociedad civil&#8221;, consigna la norma (Se adjunta la ordenanza).<\/strong><\/h6>\n<p>Entre los derechos abarcados se pueden mencionar los establecidos por la Convenci\u00f3n Interamericana para la Protecci\u00f3n de los Derechos Humanos de las Personas Mayores.\u00a0\u00a0<\/p>\n<p>*Igualdad y no discriminaci\u00f3n por razones de edad<\/p>\n<p>*Derecho a la vida y a la dignidad en la vejez<\/p>\n<p>*Derecho a la independencia y a la autonom\u00eda<\/p>\n<p>*Derecho a la participaci\u00f3n e integraci\u00f3n comunitaria\u00a0<\/p>\n<p>*Derecho a la seguridad y a una vida sin ning\u00fan tipo de violencia<\/p>\n<p>*Derecho a no ser sometido a tortura ni a penas o tratos crueles, inhumanos o degradantes<\/p>\n<p>*Derecho a brindar consentimiento libre e informado en el \u00e1mbito de la salud<\/p>\n<p>*Derechos de la persona mayor que recibe servicios de cuidado a largo plazo<\/p>\n<p>*Derecho a la libertad personal<\/p>\n<p>*Derecho a la libertad de expresi\u00f3n y de opini\u00f3n y al acceso a la informaci\u00f3n<\/p>\n<p>*Derecho a la nacionalidad y a la libertad de circulaci\u00f3n<\/p>\n<p>*Derecho a la privacidad y a la intimidad<\/p>\n<p>*Derecho a la seguridad social<\/p>\n<p>*Derecho al trabajo<\/p>\n<p>*Derecho a la salud<\/p>\n<p>*Derecho a la educaci\u00f3n<\/p>\n<p>*Derecho a la cultura<\/p>\n<p>*Derecho a la recreaci\u00f3n, al esparcimiento y al deporte<\/p>\n<p>*Derecho a la propiedad<\/p>\n<p>*Derecho a la vivienda<\/p>\n<p>*Derecho a un medio ambiente sano<\/p>\n<p>*Derecho a la accesibilidad y a la movilidad personal<\/p>\n<p>*Derechos pol\u00edticos<\/p>\n<p>*Derecho de reuni\u00f3n y de asociaci\u00f3n<\/p>\n<p>*Derecho al Igual reconocimiento como persona ante la ley y<\/p>\n<p>*Derecho al acceso a la justicia.<\/p>\n<p><!-- \/wp:paragraph --><\/p>\t\t\t\t\t\t<\/div>\n\t\t\t\t<\/div>\n\t\t\t\t\t<\/div>\n\t\t<\/div>\n\t\t\t\t\t\t\t<\/div>\n\t\t<\/section>\n\t\t\t\t\t\t\t<\/div>\n\t\t","protected":false},"excerpt":{"rendered":"","protected":false},"author":1,"featured_media":0,"parent":2606,"menu_order":0,"comment_status":"closed","ping_status":"closed","template":"elementor_canvas","meta":{"om_disable_all_campaigns":false,"_monsterinsights_skip_tracking":false,"_monsterinsights_sitenote_active":false,"_monsterinsights_sitenote_note":"","_monsterinsights_sitenote_category":0},"_links":{"self":[{"href":"https:\/\/defensoriaparana.com.ar\/index.php\/wp-json\/wp\/v2\/pages\/2593"}],"collection":[{"href":"https:\/\/defensoriaparana.com.ar\/index.php\/wp-json\/wp\/v2\/pages"}],"about":[{"href":"https:\/\/defensoriaparana.com.ar\/index.php\/wp-json\/wp\/v2\/types\/page"}],"author":[{"embeddable":true,"href":"https:\/\/defensoriaparana.com.ar\/index.php\/wp-json\/wp\/v2\/users\/1"}],"replies":[{"embeddable":true,"href":"https:\/\/defensoriaparana.com.ar\/index.php\/wp-json\/wp\/v2\/comments?post=2593"}],"version-history":[{"count":7,"href":"https:\/\/defensoriaparana.com.ar\/index.php\/wp-json\/wp\/v2\/pages\/2593\/revisions"}],"predecessor-version":[{"id":4083,"href":"https:\/\/defensoriaparana.com.ar\/index.php\/wp-json\/wp\/v2\/pages\/2593\/revisions\/4083"}],"up":[{"embeddable":true,"href":"https:\/\/defensoriaparana.com.ar\/index.php\/wp-json\/wp\/v2\/pages\/2606"}],"wp:attachment":[{"href":"https:\/\/defensoriaparana.com.ar\/index.php\/wp-json\/wp\/v2\/media?parent=2593"}],"curies":[{"name":"wp","href":"https:\/\/api.w.org\/{rel}","templated":true}]}}

<div data-elementor-type="wp-page" data-elementor-id="2593" class="elementor elementor-2593">
									<section class="elementor-section elementor-top-section elementor-element elementor-element-287e5b4 elementor-section-boxed elementor-section-height-default elementor-section-height-default wpr-particle-no wpr-jarallax-no wpr-parallax-no wpr-sticky-section-no" data-id="287e5b4" data-element_type="section">
						<div class="elementor-container elementor-column-gap-default">
					<div class="elementor-column elementor-col-100 elementor-top-column elementor-element elementor-element-5418ef3" data-id="5418ef3" data-element_type="column">
			<div class="elementor-widget-wrap elementor-element-populated">
								<div class="elementor-element elementor-element-9261a7d elementor-widget elementor-widget-text-editor" data-id="9261a7d" data-element_type="widget" data-widget_type="text-editor.default">
				<div class="elementor-widget-container">
			<style>/*! elementor - v3.6.5 - 27-04-2022 */
.elementor-widget-text-editor.elementor-drop-cap-view-stacked .elementor-drop-cap{background-color:#818a91;color:#fff}.elementor-widget-text-editor.elementor-drop-cap-view-framed .elementor-drop-cap{color:#818a91;border:3px solid;background-color:transparent}.elementor-widget-text-editor:not(.elementor-drop-cap-view-default) .elementor-drop-cap{margin-top:8px}.elementor-widget-text-editor:not(.elementor-drop-cap-view-default) .elementor-drop-cap-letter{width:1em;height:1em}.elementor-widget-text-editor .elementor-drop-cap{float:left;text-align:center;line-height:1;font-size:50px}.elementor-widget-text-editor .elementor-drop-cap-letter{display:inline-block}</style>				<p><!-- wp:image {"id":1855} --></p>
<h2><strong>Objetivos</strong></h2>
<h6><strong>El objetivo fundamental de la Defensoría consiste en velar por &#8220;la defensa y protección de los derechos de las personas mayores, reconocidos por la Constitución Nacional, Tratados Internacionales, Constitución Provincial y normas complementarias, ante actos, hechos, y omisiones de la administración pública, como de situaciones derivadas de entidades o personas de la sociedad civil&#8221;, consigna la norma (Se adjunta la ordenanza).</strong></h6>
<p>Entre los derechos abarcados se pueden mencionar los establecidos por la Convención Interamericana para la Protección de los Derechos Humanos de las Personas Mayores.  </p>
<p>*Igualdad y no discriminación por razones de edad</p>
<p>*Derecho a la vida y a la dignidad en la vejez</p>
<p>*Derecho a la independencia y a la autonomía</p>
<p>*Derecho a la participación e integración comunitaria </p>
<p>*Derecho a la seguridad y a una vida sin ningún tipo de violencia</p>
<p>*Derecho a no ser sometido a tortura ni a penas o tratos crueles, inhumanos o degradantes</p>
<p>*Derecho a brindar consentimiento libre e informado en el ámbito de la salud</p>
<p>*Derechos de la persona mayor que recibe servicios de cuidado a largo plazo</p>
<p>*Derecho a la libertad personal</p>
<p>*Derecho a la libertad de expresión y de opinión y al acceso a la información</p>
<p>*Derecho a la nacionalidad y a la libertad de circulación</p>
<p>*Derecho a la privacidad y a la intimidad</p>
<p>*Derecho a la seguridad social</p>
<p>*Derecho al trabajo</p>
<p>*Derecho a la salud</p>
<p>*Derecho a la educación</p>
<p>*Derecho a la cultura</p>
<p>*Derecho a la recreación, al esparcimiento y al deporte</p>
<p>*Derecho a la propiedad</p>
<p>*Derecho a la vivienda</p>
<p>*Derecho a un medio ambiente sano</p>
<p>*Derecho a la accesibilidad y a la movilidad personal</p>
<p>*Derechos políticos</p>
<p>*Derecho de reunión y de asociación</p>
<p>*Derecho al Igual reconocimiento como persona ante la ley y</p>
<p>*Derecho al acceso a la justicia.</p>
<p><!-- /wp:paragraph --></p>						</div>
				</div>
					</div>
		</div>
							</div>
		</section>
							</div>
