{"id":6698,"date":"2026-02-12T15:07:02","date_gmt":"2026-02-12T15:07:02","guid":{"rendered":"https:\/\/defensoriaparana.com.ar\/?page_id=6698"},"modified":"2026-02-12T15:07:02","modified_gmt":"2026-02-12T15:07:02","slug":"el-defensor-del-pueblo-de-parana-visito-a-su-par-de-santa-fe","status":"publish","type":"page","link":"https:\/\/defensoriaparana.com.ar\/index.php\/el-defensor-del-pueblo-de-parana-visito-a-su-par-de-santa-fe\/","title":{"rendered":"El Defensor del Pueblo de Paran\u00e1 visit\u00f3 a su par de Santa Fe"},"content":{"rendered":"<p>El Defensor del Pueblo de Paran\u00e1, Lisandro Amavet, recientemente electo en el cargo, fue recibido en la sede de la instituci\u00f3n de la Provincia de Santa Fe por su par Ar\u00edstides Lasarte, en el marco de una primera visita, de presentaci\u00f3n.<\/p>\n<p>En el encuentro, del que tambi\u00e9n participaron la Defensora de las Personas Mayores de la ciudad de Paran\u00e1, Marc\u00eda L\u00f3pez, y el asesor de Gabinete de la Defensor\u00eda de Santa Fe, Wilfredo Baroni, la conversaci\u00f3n gir\u00f3 en torno a temas de inter\u00e9s com\u00fan, al repaso de agendas compartidas y a las acciones que se pueden encarar en forma conjunta \u2013y, en casos, de manera inmediata- en defensa de derechos ciudadanos de ambas provincias.<\/p>\n<p><img loading=\"lazy\" class=\"alignnone size-full wp-image-6700\" src=\"http:\/\/defensoriaparana.com.ar\/wp-content\/uploads\/2026\/02\/WhatsApp-Image-2026-02-11-at-13.27.39.jpeg\" alt=\"\" width=\"1600\" height=\"1066\" srcset=\"https:\/\/defensoriaparana.com.ar\/wp-content\/uploads\/2026\/02\/WhatsApp-Image-2026-02-11-at-13.27.39.jpeg 1600w, https:\/\/defensoriaparana.com.ar\/wp-content\/uploads\/2026\/02\/WhatsApp-Image-2026-02-11-at-13.27.39-300x200.jpeg 300w, https:\/\/defensoriaparana.com.ar\/wp-content\/uploads\/2026\/02\/WhatsApp-Image-2026-02-11-at-13.27.39-1024x682.jpeg 1024w, https:\/\/defensoriaparana.com.ar\/wp-content\/uploads\/2026\/02\/WhatsApp-Image-2026-02-11-at-13.27.39-768x512.jpeg 768w, https:\/\/defensoriaparana.com.ar\/wp-content\/uploads\/2026\/02\/WhatsApp-Image-2026-02-11-at-13.27.39-1536x1023.jpeg 1536w\" sizes=\"(max-width: 1600px) 100vw, 1600px\" \/><\/p>\n<h5>El Defensor Amavet, junto a su par de Santa Fe, Ar\u00edstides Lasarte, y a la Defensora de los Derechos de las Personas Mayores de Paran\u00e1, Marcia L\u00f3pez.<\/h5>\n<p>Amavet agradeci\u00f3 el recibimiento y expres\u00f3 su intenci\u00f3n de mantener y consolidar esa b\u00fasqueda de complementaci\u00f3n de esfuerzos, al tiempo que puso \u00e9nfasis en la participaci\u00f3n de la Defensor\u00eda de Paran\u00e1 en los distintos \u00e1mbitos, regional y nacional.<\/p>\n<p>Por su parte, Lasarte le dio la bienvenida, lo invit\u00f3 a sumarse al Foro de Defensor\u00edas del Pueblo de la Regi\u00f3n Centro, \u00e1mbito que qued\u00f3 formalmente integrado en 2025 por C\u00f3rdoba, Santa Fe y Paran\u00e1, en representaci\u00f3n de Entre R\u00edos debido a la carencia de una instituci\u00f3n del tipo en la provincia, pese a que la figura est\u00e1 creada en la Constituci\u00f3n desde 2008. \u00a0Tambi\u00e9n, el Defensor de Santa Fe puso \u00e9nfasis en la importancia de la participaci\u00f3n activa en la Asociaci\u00f3n de Defensores del Pueblo de la Rep\u00fablica Argentina (Adpra), \u00e1mbito que Lasarte representa ante la Federaci\u00f3n Iberoamericana del Ombudsperson (FIO).<\/p>\n<p>Particip\u00f3 del encuentro el titular de la Direcci\u00f3n General de Prensa y Relaciones Institucionales de la Defensor\u00eda del Pueblo de Santa Fe, Jorge Sans\u00f3 de la Madrid.<\/p>\n<p><img loading=\"lazy\" class=\"alignnone size-full wp-image-6701\" src=\"http:\/\/defensoriaparana.com.ar\/wp-content\/uploads\/2026\/02\/WhatsApp-Image-2026-02-11-at-13.27.38.jpeg\" alt=\"\" width=\"1600\" height=\"1017\" srcset=\"https:\/\/defensoriaparana.com.ar\/wp-content\/uploads\/2026\/02\/WhatsApp-Image-2026-02-11-at-13.27.38.jpeg 1600w, https:\/\/defensoriaparana.com.ar\/wp-content\/uploads\/2026\/02\/WhatsApp-Image-2026-02-11-at-13.27.38-300x191.jpeg 300w, https:\/\/defensoriaparana.com.ar\/wp-content\/uploads\/2026\/02\/WhatsApp-Image-2026-02-11-at-13.27.38-1024x651.jpeg 1024w, https:\/\/defensoriaparana.com.ar\/wp-content\/uploads\/2026\/02\/WhatsApp-Image-2026-02-11-at-13.27.38-768x488.jpeg 768w, https:\/\/defensoriaparana.com.ar\/wp-content\/uploads\/2026\/02\/WhatsApp-Image-2026-02-11-at-13.27.38-1536x976.jpeg 1536w\" sizes=\"(max-width: 1600px) 100vw, 1600px\" \/><\/p>\n","protected":false},"excerpt":{"rendered":"<p>El Defensor del Pueblo de Paran\u00e1, Lisandro Amavet, recientemente electo en el cargo, fue recibido en la sede de la instituci\u00f3n de la Provincia de Santa Fe por su par Ar\u00edstides Lasarte, en el marco de una primera visita, de presentaci\u00f3n. En el encuentro, del que tambi\u00e9n participaron la Defensora de las Personas Mayores de [&hellip;]<\/p>\n","protected":false},"author":2,"featured_media":6699,"parent":0,"menu_order":0,"comment_status":"closed","ping_status":"closed","template":"","meta":{"om_disable_all_campaigns":false,"_monsterinsights_skip_tracking":false,"_monsterinsights_sitenote_active":false,"_monsterinsights_sitenote_note":"","_monsterinsights_sitenote_category":0},"_links":{"self":[{"href":"https:\/\/defensoriaparana.com.ar\/index.php\/wp-json\/wp\/v2\/pages\/6698"}],"collection":[{"href":"https:\/\/defensoriaparana.com.ar\/index.php\/wp-json\/wp\/v2\/pages"}],"about":[{"href":"https:\/\/defensoriaparana.com.ar\/index.php\/wp-json\/wp\/v2\/types\/page"}],"author":[{"embeddable":true,"href":"https:\/\/defensoriaparana.com.ar\/index.php\/wp-json\/wp\/v2\/users\/2"}],"replies":[{"embeddable":true,"href":"https:\/\/defensoriaparana.com.ar\/index.php\/wp-json\/wp\/v2\/comments?post=6698"}],"version-history":[{"count":1,"href":"https:\/\/defensoriaparana.com.ar\/index.php\/wp-json\/wp\/v2\/pages\/6698\/revisions"}],"predecessor-version":[{"id":6702,"href":"https:\/\/defensoriaparana.com.ar\/index.php\/wp-json\/wp\/v2\/pages\/6698\/revisions\/6702"}],"wp:featuredmedia":[{"embeddable":true,"href":"https:\/\/defensoriaparana.com.ar\/index.php\/wp-json\/wp\/v2\/media\/6699"}],"wp:attachment":[{"href":"https:\/\/defensoriaparana.com.ar\/index.php\/wp-json\/wp\/v2\/media?parent=6698"}],"curies":[{"name":"wp","href":"https:\/\/api.w.org\/{rel}","templated":true}]}}